Last updated on 2025-10-22 05:51:02 CEST.
Flavor | Version | Tinstall | Tcheck | Ttotal | Status | Flags |
---|---|---|---|---|---|---|
r-devel-linux-x86_64-debian-clang | 0.5.1 | 10.27 | 67.73 | 78.00 | NOTE | |
r-devel-linux-x86_64-debian-gcc | 0.5.1 | 6.44 | 52.27 | 58.71 | NOTE | |
r-devel-linux-x86_64-fedora-clang | 0.5.1 | 13.00 | 82.61 | 95.61 | OK | |
r-devel-linux-x86_64-fedora-gcc | 0.5.1 | 20.00 | 109.21 | 129.21 | OK | |
r-devel-windows-x86_64 | 0.5.1 | 10.00 | 84.00 | 94.00 | OK | |
r-patched-linux-x86_64 | 0.5.1 | 9.41 | 62.71 | 72.12 | OK | |
r-release-linux-x86_64 | 0.5.1 | 9.71 | 63.29 | 73.00 | OK | |
r-release-macos-arm64 | 0.5.1 | 3.00 | 74.00 | 77.00 | OK | |
r-release-macos-x86_64 | 0.5.1 | 8.00 | 109.00 | 117.00 | OK | |
r-release-windows-x86_64 | 0.5.1 | 11.00 | 86.00 | 97.00 | OK | |
r-oldrel-macos-arm64 | 0.5.1 | 3.00 | 50.00 | 53.00 | OK | |
r-oldrel-macos-x86_64 | 0.5.1 | 10.00 | 133.00 | 143.00 | OK | |
r-oldrel-windows-x86_64 | 0.5.1 | 13.00 | 97.00 | 110.00 | OK |
Version: 0.5.1
Check: DESCRIPTION meta-information
Result: NOTE
Author field differs from that derived from Authors@R
Author: ‘Garrick Aden-Buie [aut, cre] (<https://orcid.org/0000-0002-7111-0077>), Winston Chang [aut], Barret Schloerke [aut] (<https://orcid.org/0000-0001-9986-114X>), Posit Software, PBC [cph, fnd] (03wc8by49)’
Authors@R: ‘Garrick Aden-Buie [aut, cre] (ORCID: <https://orcid.org/0000-0002-7111-0077>), Winston Chang [aut], Barret Schloerke [aut] (ORCID: <https://orcid.org/0000-0001-9986-114X>), Posit Software, PBC [cph, fnd] (ROR: <https://ror.org/03wc8by49>)’
Flavors: r-devel-linux-x86_64-debian-clang, r-devel-linux-x86_64-debian-gcc
Version: 0.5.1
Check: HTML version of manual
Result: NOTE
Found the following HTML validation problems:
Browser.html:214:1 (Browser.Rd:114): Warning: missing </ul> before </div>
Browser.html:96:1 (Browser.Rd:44): Warning: <h5> anchor "Usage" already defined
Browser.html:112:1 (Browser.Rd:54): Warning: <h5> anchor "Usage" already defined
Browser.html:128:1 (Browser.Rd:64): Warning: <h5> anchor "Usage" already defined
Browser.html:144:1 (Browser.Rd:74): Warning: <h5> anchor "Usage" already defined
Browser.html:160:1 (Browser.Rd:84): Warning: <h5> anchor "Usage" already defined
Browser.html:191:1 (Browser.Rd:103): Warning: <h5> anchor "Usage" already defined
Browser.html:197:1 (Browser.Rd:107): Warning: <h5> anchor "Arguments" already defined
Chrome.html:121:1 (Chrome.Rd:70): Warning: <h5> anchor "Usage" already defined
Chrome.html:137:1 (Chrome.Rd:80): Warning: <h5> anchor "Usage" already defined
Chrome.html:143:1 (Chrome.Rd:84): Warning: <h5> anchor "Arguments" already defined
ChromeRemote.html:165:1 (ChromeRemote.Rd:89): Warning: missing </ul> before </div>
ChromeRemote.html:108:1 (ChromeRemote.Rd:56): Warning: <h5> anchor "Usage" already defined
ChromeRemote.html:126:1 (ChromeRemote.Rd:68): Warning: <h5> anchor "Usage" already defined
ChromeRemote.html:142:1 (ChromeRemote.Rd:78): Warning: <h5> anchor "Usage" already defined
ChromeRemote.html:148:1 (ChromeRemote.Rd:82): Warning: <h5> anchor "Arguments" already defined
Chromote.html:732:1 (Chromote.Rd:448): Warning: missing </ul> before </div>
Chromote.html:176:1 (Chromote.Rd:90): Warning: <h5> anchor "Usage" already defined
Chromote.html:182:1 (Chromote.Rd:94): Warning: <h5> anchor "Arguments" already defined
Chromote.html:212:1 (Chromote.Rd:114): Warning: <h5> anchor "Usage" already defined
Chromote.html:230:1 (Chromote.Rd:126): Warning: <h5> anchor "Usage" already defined
Chromote.html:248:1 (Chromote.Rd:138): Warning: <h5> anchor "Usage" already defined
Chromote.html:254:1 (Chromote.Rd:142): Warning: <h5> anchor "Arguments" already defined
Chromote.html:283:1 (Chromote.Rd:161): Warning: <h5> anchor "Usage" already defined
Chromote.html:303:1 (Chromote.Rd:175): Warning: <h5> anchor "Usage" already defined
Chromote.html:309:1 (Chromote.Rd:179): Warning: <h5> anchor "Arguments" already defined
Chromote.html:332:1 (Chromote.Rd:192): Warning: <h5> anchor "Usage" already defined
Chromote.html:338:1 (Chromote.Rd:196): Warning: <h5> anchor "Arguments" already defined
Chromote.html:371:1 (Chromote.Rd:219): Warning: <h5> anchor "Usage" already defined
Chromote.html:394:1 (Chromote.Rd:232): Warning: <h5> anchor "Usage" already defined
Chromote.html:400:1 (Chromote.Rd:236): Warning: <h5> anchor "Arguments" already defined
Chromote.html:427:1 (Chromote.Rd:253): Warning: <h5> anchor "Usage" already defined
Chromote.html:439:1 (Chromote.Rd:263): Warning: <h5> anchor "Arguments" already defined
Chromote.html:474:1 (Chromote.Rd:288): Warning: <h5> anchor "Usage" already defined
Chromote.html:480:1 (Chromote.Rd:292): Warning: <h5> anchor "Arguments" already defined
Chromote.html:507:1 (Chromote.Rd:309): Warning: <h5> anchor "Usage" already defined
Chromote.html:513:1 (Chromote.Rd:313): Warning: <h5> anchor "Arguments" already defined
Chromote.html:548:1 (Chromote.Rd:336): Warning: <h5> anchor "Usage" already defined
Chromote.html:554:1 (Chromote.Rd:340): Warning: <h5> anchor "Arguments" already defined
Chromote.html:577:1 (Chromote.Rd:353): Warning: <h5> anchor "Usage" already defined
Chromote.html:583:1 (Chromote.Rd:357): Warning: <h5> anchor "Arguments" already defined
Chromote.html:606:1 (Chromote.Rd:370): Warning: <h5> anchor "Usage" already defined
Chromote.html:622:1 (Chromote.Rd:380): Warning: <h5> anchor "Usage" already defined
Chromote.html:640:1 (Chromote.Rd:392): Warning: <h5> anchor "Usage" already defined
Chromote.html:656:1 (Chromote.Rd:402): Warning: <h5> anchor "Usage" already defined
Chromote.html:672:1 (Chromote.Rd:412): Warning: <h5> anchor "Usage" already defined
Chromote.html:678:1 (Chromote.Rd:416): Warning: <h5> anchor "Arguments" already defined
Chromote.html:705:1 (Chromote.Rd:433): Warning: <h5> anchor "Usage" already defined
Chromote.html:711:1 (Chromote.Rd:437): Warning: <h5> anchor "Arguments" already defined
ChromoteSession.html:231:1 (ChromoteSession.Rd:171): Warning: <h5> anchor "Examples" already defined
ChromoteSession.html:245:1 (ChromoteSession.Rd:183): Warning: <h5> anchor "Usage" already defined
ChromoteSession.html:261:1 (ChromoteSession.Rd:193): Warning: <h5> anchor "Examples" already defined
ChromoteSession.html:275:1 (ChromoteSession.Rd:205): Warning: <h5> anchor "Usage" already defined
ChromoteSession.html:281:1 (ChromoteSession.Rd:209): Warning: <h5> anchor "Arguments" already defined
ChromoteSession.html:306:1 (ChromoteSession.Rd:224): Warning: <h5> anchor "Usage" already defined
ChromoteSession.html:312:1 (ChromoteSession.Rd:228): Warning: <h5> anchor "Arguments" already defined
ChromoteSession.html:327:1 (ChromoteSession.Rd:237): Warning: <h5> anchor "Returns" already defined
ChromoteSession.html:355:1 (ChromoteSession.Rd:257): Warning: <h5> anchor "Usage" already defined
ChromoteSession.html:367:1 (ChromoteSession.Rd:267): Warning: <h5> anchor "Arguments" already defined
ChromoteSession.html:394:1 (ChromoteSession.Rd:288): Warning: <h5> anchor "Returns" already defined
ChromoteSession.html:419:1 (ChromoteSession.Rd:305): Warning: <h5> anchor "Usage" already defined
ChromoteSession.html:433:1 (ChromoteSession.Rd:317): Warning: <h5> anchor "Arguments" already defined
ChromoteSession.html:460:1 (ChromoteSession.Rd:338): Warning: <h5> anchor "Returns" already defined
ChromoteSession.html:469:1 (ChromoteSession.Rd:343): Warning: <h5> anchor "Examples" already defined
ChromoteSession.html:498:1 (ChromoteSession.Rd:367): Warning: <h5> anchor "Examples" already defined
ChromoteSession.html:571:1 (ChromoteSession.Rd:438): Warning: <h5> anchor "Usage" already defined
ChromoteSession.html:588:1 (ChromoteSession.Rd:453): Warning: <h5> anchor "Arguments" already defined
ChromoteSession.html:644:1 (ChromoteSession.Rd:499): Warning: <h5> anchor "Examples" already defined
ChromoteSession.html:662:1 (ChromoteSession.Rd:515): Warning: <h5> anchor "Usage" already defined
ChromoteSession.html:678:1 (ChromoteSession.Rd:529): Warning: <h5> anchor "Arguments" already defined
ChromoteSession.html:723:1 (ChromoteSession.Rd:564): Warning: <h5> anchor "Examples" already defined
ChromoteSession.html:737:1 (ChromoteSession.Rd:576): Warning: <h5> anchor "Usage" already defined
ChromoteSession.html:748:1 (ChromoteSession.Rd:585): Warning: <h5> anchor "Arguments" already defined
ChromoteSession.html:781:1 (ChromoteSession.Rd:608): Warning: <h5> anchor "Usage" already defined
ChromoteSession.html:799:1 (ChromoteSession.Rd:620): Warning: <h5> anchor "Usage" already defined
ChromoteSession.html:815:1 (ChromoteSession.Rd:630): Warning: <h5> anchor "Usage" already defined
ChromoteSession.html:834:1 (ChromoteSession.Rd:643): Warning: <h5> anchor "Examples" already defined
ChromoteSession.html:848:1 (ChromoteSession.Rd:655): Warning: <h5> anchor "Usage" already defined
ChromoteSession.html:854:1 (ChromoteSession.Rd:659): Warning: <h5> anchor "Arguments" already defined
ChromoteSession.html:877:1 (ChromoteSession.Rd:672): Warning: <h5> anchor "Examples" already defined
ChromoteSession.html:889:1 (ChromoteSession.Rd:682): Warning: <h5> anchor "Usage" already defined
ChromoteSession.html:895:1 (ChromoteSession.Rd:686): Warning: <h5> anchor "Arguments" already defined
ChromoteSession.html:920:1 (ChromoteSession.Rd:701): Warning: <h5> anchor "Usage" already defined
ChromoteSession.html:938:1 (ChromoteSession.Rd:713): Warning: <h5> anchor "Usage" already defined
ChromoteSession.html:949:1 (ChromoteSession.Rd:722): Warning: <h5> anchor "Arguments" already defined
ChromoteSession.html:981:1 (ChromoteSession.Rd:744): Warning: <h5> anchor "Usage" already defined
ChromoteSession.html:999:1 (ChromoteSession.Rd:756): Warning: <h5> anchor "Usage" already defined
ChromoteSession.html:1005:1 (ChromoteSession.Rd:760): Warning: <h5> anchor "Arguments" already defined
ChromoteSession.html:1022:1 (ChromoteSession.Rd:771): Warning: <h5> anchor "Examples" already defined
ChromoteSession.html:1059:1 (ChromoteSession.Rd:803): Warning: <h5> anchor "Usage" already defined
ChromoteSession.html:1065:1 (ChromoteSession.Rd:807): Warning: <h5> anchor "Arguments" already defined
ChromoteSession.html:1091:1 (ChromoteSession.Rd:823): Warning: <h5> anchor "Usage" already defined
ChromoteSession.html:1097:1 (ChromoteSession.Rd:827): Warning: <h5> anchor "Arguments" already defined
ChromoteSession.html:1123:1 (ChromoteSession.Rd:843): Warning: <h5> anchor "Usage" already defined
ChromoteSession.html:1139:1 (ChromoteSession.Rd:853): Warning: <h5> anchor "Usage" already defined
ChromoteSession.html:1157:1 (ChromoteSession.Rd:865): Warning: <h5> anchor "Usage" already defined
ChromoteSession.html:1173:1 (ChromoteSession.Rd:875): Warning: <h5> anchor "Usage" already defined
ChromoteSession.html:1179:1 (ChromoteSession.Rd:879): Warning: <h5> anchor "Arguments" already defined
Flavors: r-devel-linux-x86_64-debian-clang, r-devel-linux-x86_64-debian-gcc