CRAN Package Check Results for Package chunked

Last updated on 2025-10-22 05:51:02 CEST.

Flavor Version Tinstall Tcheck Ttotal Status Flags
r-devel-linux-x86_64-debian-clang 0.6.1 3.85 42.09 45.94 NOTE
r-devel-linux-x86_64-debian-gcc 0.6.1 3.01 31.11 34.12 NOTE
r-devel-linux-x86_64-fedora-clang 0.6.1 55.71 OK
r-devel-linux-x86_64-fedora-gcc 0.6.1 66.18 OK
r-devel-windows-x86_64 0.6.1 6.00 55.00 61.00 OK
r-patched-linux-x86_64 0.6.1 3.79 38.56 42.35 OK
r-release-linux-x86_64 0.6.1 4.13 38.86 42.99 OK
r-release-macos-arm64 0.6.1 2.00 21.00 23.00 OK
r-release-macos-x86_64 0.6.1 4.00 37.00 41.00 OK
r-release-windows-x86_64 0.6.1 7.00 57.00 64.00 OK
r-oldrel-macos-arm64 0.6.1 2.00 26.00 28.00 OK
r-oldrel-macos-x86_64 0.6.1 4.00 42.00 46.00 OK
r-oldrel-windows-x86_64 0.6.1 8.00 68.00 76.00 OK

Check Details

Version: 0.6.1
Check: HTML version of manual
Result: NOTE Found the following HTML validation problems: write_chunkwise.html:78:1 (write_chunkwise.Rd:32): Warning: missing </ul> before </div> Flavors: r-devel-linux-x86_64-debian-clang, r-devel-linux-x86_64-debian-gcc