Last updated on 2025-07-19 08:48:31 CEST.
Flavor | Version | Tinstall | Tcheck | Ttotal | Status | Flags |
---|---|---|---|---|---|---|
r-devel-linux-x86_64-debian-clang | 1.1 | 10.46 | 187.45 | 197.91 | NOTE | |
r-devel-linux-x86_64-debian-gcc | 1.1 | 7.68 | 128.90 | 136.58 | NOTE | |
r-devel-linux-x86_64-fedora-clang | 1.1 | 316.04 | NOTE | |||
r-devel-linux-x86_64-fedora-gcc | 1.1 | 321.38 | NOTE | |||
r-devel-windows-x86_64 | 1.1 | 13.00 | 178.00 | 191.00 | NOTE | |
r-patched-linux-x86_64 | 1.1 | 10.37 | 177.22 | 187.59 | NOTE | |
r-release-linux-x86_64 | 1.1 | 11.05 | 176.97 | 188.02 | NOTE | |
r-release-macos-arm64 | 1.1 | 138.00 | NOTE | |||
r-release-macos-x86_64 | 1.1 | 180.00 | NOTE | |||
r-release-windows-x86_64 | 1.1 | 11.00 | 185.00 | 196.00 | NOTE | |
r-oldrel-macos-arm64 | 1.1 | 97.00 | OK | |||
r-oldrel-macos-x86_64 | 1.1 | 262.00 | OK | |||
r-oldrel-windows-x86_64 | 1.1 | 16.00 | 222.00 | 238.00 | OK |
Version: 1.1
Check: DESCRIPTION meta-information
Result: NOTE
Missing dependency on R >= 4.1.0 because package code uses the pipe
|> or function shorthand \(...) syntax added in R 4.1.0.
File(s) using such syntax:
‘functions.R’
Flavors: r-devel-linux-x86_64-debian-clang, r-devel-linux-x86_64-debian-gcc, r-devel-linux-x86_64-fedora-clang, r-devel-linux-x86_64-fedora-gcc, r-devel-windows-x86_64, r-patched-linux-x86_64, r-release-linux-x86_64, r-release-macos-arm64, r-release-macos-x86_64, r-release-windows-x86_64