Last updated on 2025-10-24 04:50:48 CEST.
| Flavor | Version | Tinstall | Tcheck | Ttotal | Status | Flags |
|---|---|---|---|---|---|---|
| r-devel-linux-x86_64-debian-clang | 0.7 | 3.76 | 129.51 | 133.27 | NOTE | |
| r-devel-linux-x86_64-debian-gcc | 0.7 | 2.79 | 87.47 | 90.26 | NOTE | |
| r-devel-linux-x86_64-fedora-clang | 0.7 | 15.00 | 204.63 | 219.63 | OK | |
| r-devel-linux-x86_64-fedora-gcc | 0.7 | 214.60 | OK | |||
| r-devel-windows-x86_64 | 0.7 | 7.00 | 131.00 | 138.00 | OK | |
| r-patched-linux-x86_64 | 0.7 | 4.77 | 109.78 | 114.55 | OK | |
| r-release-linux-x86_64 | 0.7 | 3.92 | 108.90 | 112.82 | OK | |
| r-release-macos-arm64 | 0.7 | 2.00 | 35.00 | 37.00 | OK | |
| r-release-macos-x86_64 | 0.7 | 3.00 | 65.00 | 68.00 | OK | |
| r-release-windows-x86_64 | 0.7 | 6.00 | 135.00 | 141.00 | OK | |
| r-oldrel-macos-arm64 | 0.7 | 2.00 | 41.00 | 43.00 | NOTE | |
| r-oldrel-macos-x86_64 | 0.7 | 3.00 | 107.00 | 110.00 | OK | |
| r-oldrel-windows-x86_64 | 0.7 | 8.00 | 159.00 | 167.00 | OK |
Version: 0.7
Check: CRAN incoming feasibility
Result: NOTE
Maintainer: ‘Vasyl Pihur <vpihur@gmail.com>’
No Authors@R field in DESCRIPTION.
Please add one, modifying
Authors@R: c(person(given = "Guy",
family = "Brock",
role = "aut",
email = "guy.brock@louisville.edu"),
person(given = "Vasyl",
family = "Pihur",
role = c("aut", "cre"),
email = "vpihur@gmail.com"),
person(given = "Susmita",
family = "Datta",
role = "aut",
email = "susmita.datta@louisville.edu"),
person(given = "Somnath",
family = "Datta",
role = "aut",
email = "somnath.datta@louisville.edu"))
as necessary.
Package CITATION file contains call(s) to old-style personList() or
as.personList(). Please use c() on person objects instead.
Package CITATION file contains call(s) to old-style citEntry(). Please
use bibentry() instead.
Flavors: r-devel-linux-x86_64-debian-clang, r-devel-linux-x86_64-debian-gcc
Version: 0.7
Check: package dependencies
Result: NOTE
Package suggested but not available for checking: ‘moe430a.db’
Flavor: r-oldrel-macos-arm64