Last updated on 2025-10-22 05:51:02 CEST.
Flavor | Version | Tinstall | Tcheck | Ttotal | Status | Flags |
---|---|---|---|---|---|---|
r-devel-linux-x86_64-debian-clang | 1.4.0 | 15.85 | 116.30 | 132.15 | NOTE | |
r-devel-linux-x86_64-debian-gcc | 1.4.0 | 10.53 | 83.59 | 94.12 | NOTE | |
r-devel-linux-x86_64-fedora-clang | 1.4.0 | 21.00 | 136.78 | 157.78 | NOTE | |
r-devel-linux-x86_64-fedora-gcc | 1.4.0 | 32.00 | 158.29 | 190.29 | NOTE | |
r-devel-windows-x86_64 | 1.4.0 | 18.00 | 110.00 | 128.00 | OK | |
r-patched-linux-x86_64 | 1.4.0 | 12.88 | 109.21 | 122.09 | OK | |
r-release-linux-x86_64 | 1.4.0 | 15.37 | 107.54 | 122.91 | OK | |
r-release-macos-arm64 | 1.4.0 | 6.00 | 44.00 | 50.00 | OK | |
r-release-macos-x86_64 | 1.4.0 | 14.00 | 86.00 | 100.00 | OK | |
r-release-windows-x86_64 | 1.4.0 | 15.00 | 111.00 | 126.00 | OK | |
r-oldrel-macos-arm64 | 1.4.0 | 6.00 | 40.00 | 46.00 | OK | |
r-oldrel-macos-x86_64 | 1.4.0 | 10.00 | 68.00 | 78.00 | OK | |
r-oldrel-windows-x86_64 | 1.4.0 | 22.00 | 145.00 | 167.00 | OK |
Version: 1.4.0
Check: HTML version of manual
Result: NOTE
Found the following HTML validation problems:
accuracy_plot.html:58:1 (accuracy_plot.Rd:16): Warning: missing </ul> before </div>
calibration_plot.html:50:1 (calibration_plot.Rd:12): Warning: missing </ul> before </div>
classifierplots_folder.html:62:1 (classifierplots_folder.Rd:18): Warning: missing </ul> before </div>
density_plot.html:50:1 (density_plot.Rd:12): Warning: missing </ul> before </div>
lift_plot.html:58:1 (lift_plot.Rd:16): Warning: missing </ul> before </div>
positives_plot.html:50:1 (positives_plot.Rd:12): Warning: missing </ul> before </div>
precision_plot.html:58:1 (precision_plot.Rd:16): Warning: missing </ul> before </div>
propensity_plot.html:54:1 (propensity_plot.Rd:14): Warning: missing </ul> before </div>
recall_plot.html:58:1 (recall_plot.Rd:16): Warning: missing </ul> before </div>
roc_plot.html:58:1 (roc_plot.Rd:16): Warning: missing </ul> before </div>
sigmoid.html:46:1 (sigmoid.Rd:10): Warning: missing </ul> before </div>
Flavors: r-devel-linux-x86_64-debian-clang, r-devel-linux-x86_64-debian-gcc
Version: 1.4.0
Check: dependencies in R code
Result: NOTE
Namespace in Imports field not imported from: ‘Rcpp’
All declared Imports should be used.
Flavors: r-devel-linux-x86_64-fedora-clang, r-devel-linux-x86_64-fedora-gcc