Last updated on 2025-10-22 05:51:03 CEST.
Flavor | Version | Tinstall | Tcheck | Ttotal | Status | Flags |
---|---|---|---|---|---|---|
r-devel-linux-x86_64-debian-clang | 0.1.6 | 7.09 | 62.04 | 69.13 | NOTE | |
r-devel-linux-x86_64-debian-gcc | 0.1.6 | 4.71 | 43.70 | 48.41 | NOTE | |
r-devel-linux-x86_64-fedora-clang | 0.1.6 | 84.38 | OK | |||
r-devel-linux-x86_64-fedora-gcc | 0.1.6 | 15.00 | 81.54 | 96.54 | OK | |
r-devel-windows-x86_64 | 0.1.6 | 9.00 | 84.00 | 93.00 | OK | |
r-patched-linux-x86_64 | 0.1.6 | 5.87 | 56.59 | 62.46 | OK | |
r-release-linux-x86_64 | 0.1.6 | 7.49 | 56.23 | 63.72 | OK | |
r-release-macos-arm64 | 0.1.6 | 3.00 | 38.00 | 41.00 | OK | |
r-release-macos-x86_64 | 0.1.6 | 6.00 | 59.00 | 65.00 | OK | |
r-release-windows-x86_64 | 0.1.6 | 11.00 | 88.00 | 99.00 | OK | |
r-oldrel-macos-arm64 | 0.1.6 | 3.00 | 32.00 | 35.00 | OK | |
r-oldrel-macos-x86_64 | 0.1.6 | 7.00 | 61.00 | 68.00 | OK | |
r-oldrel-windows-x86_64 | 0.1.6 | 12.00 | 102.00 | 114.00 | OK |
Version: 0.1.6
Check: HTML version of manual
Result: NOTE
Found the following HTML validation problems:
client-parameters.html:44:1 (client-parameters.Rd:9): Warning: missing </ul> before </div>
custom_field_delete.html:50:1 (custom_field_delete.Rd:12): Warning: missing </ul> before </div>
custom_field_update.html:63:1 (custom_field_update.Rd:21): Warning: missing </ul> before </div>
project_create.html:50:1 (project_create.Rd:12): Warning: missing </ul> before </div>
project_delete.html:46:1 (project_delete.Rd:10): Warning: missing </ul> before </div>
project_update_billable_rate.html:58:1 (project_update_billable_rate.Rd:16): Warning: missing </ul> before </div>
project_update_cost_rate.html:58:1 (project_update_cost_rate.Rd:16): Warning: missing </ul> before </div>
project_update_memberships.html:50:1 (project_update_memberships.Rd:12): Warning: missing </ul> before </div>
reports-parameters.html:44:1 (reports-parameters.Rd:9): Warning: missing </ul> before </div>
shared-reports-parameters.html:60:1 (shared-reports-parameters.Rd:17): Warning: missing </ul> before </div>
task_update_billable_rate.html:58:1 (task_update_billable_rate.Rd:16): Warning: missing </ul> before </div>
task_update_cost_rate.html:58:1 (task_update_cost_rate.Rd:16): Warning: missing </ul> before </div>
time-entry-parameters.html:56:1 (time-entry-parameters.Rd:15): Warning: missing </ul> before </div>
time_entry_invoiced.html:50:1 (time_entry_invoiced.Rd:12): Warning: missing </ul> before </div>
time_entry_set.html:69:1 (time_entry_set.Rd:24): Warning: missing </ul> before </div>
user-update-role.html:57:1 (user-update-role.Rd:18): Warning: missing </ul> before </div>
user_create.html:50:1 (user_create.Rd:12): Warning: missing </ul> before </div>
user_delete.html:46:1 (user_delete.Rd:10): Warning: missing </ul> before </div>
user_delete_role.html:57:1 (user_delete_role.Rd:17): Warning: missing </ul> before </div>
user_group_create.html:46:1 (user_group_create.Rd:10): Warning: missing </ul> before </div>
user_group_delete.html:46:1 (user_group_delete.Rd:10): Warning: missing </ul> before </div>
user_group_update.html:50:1 (user_group_update.Rd:12): Warning: missing </ul> before </div>
user_group_user_add.html:50:1 (user_group_user_add.Rd:12): Warning: missing </ul> before </div>
user_group_user_remove.html:50:1 (user_group_user_remove.Rd:12): Warning: missing </ul> before </div>
user_update_cost_rate.html:55:1 (user_update_cost_rate.Rd:14): Warning: missing </ul> before </div>
user_update_hourly_rate.html:54:1 (user_update_hourly_rate.Rd:14): Warning: missing </ul> before </div>
user_update_status.html:50:1 (user_update_status.Rd:12): Warning: missing </ul> before </div>
Flavors: r-devel-linux-x86_64-debian-clang, r-devel-linux-x86_64-debian-gcc