Last updated on 2025-10-22 05:51:03 CEST.
Flavor | Version | Tinstall | Tcheck | Ttotal | Status | Flags |
---|---|---|---|---|---|---|
r-devel-linux-x86_64-debian-clang | 0.1.2 | 7.76 | 106.96 | 114.72 | NOTE | |
r-devel-linux-x86_64-debian-gcc | 0.1.2 | 6.04 | 75.83 | 81.87 | NOTE | |
r-devel-linux-x86_64-fedora-clang | 0.1.2 | 138.14 | OK | |||
r-devel-linux-x86_64-fedora-gcc | 0.1.2 | 19.00 | 159.04 | 178.04 | OK | |
r-devel-windows-x86_64 | 0.1.2 | 14.00 | 116.00 | 130.00 | OK | |
r-patched-linux-x86_64 | 0.1.2 | 7.45 | 100.35 | 107.80 | OK | |
r-release-linux-x86_64 | 0.1.2 | 7.19 | 99.73 | 106.92 | OK | |
r-release-macos-arm64 | 0.1.2 | 5.00 | 59.00 | 64.00 | OK | |
r-release-macos-x86_64 | 0.1.2 | 7.00 | 99.00 | 106.00 | OK | |
r-release-windows-x86_64 | 0.1.2 | 17.00 | 117.00 | 134.00 | OK | |
r-oldrel-macos-arm64 | 0.1.2 | 4.00 | 49.00 | 53.00 | OK | |
r-oldrel-macos-x86_64 | 0.1.2 | 6.00 | 88.00 | 94.00 | OK | |
r-oldrel-windows-x86_64 | 0.1.2 | 18.00 | 144.00 | 162.00 | OK |
Version: 0.1.2
Check: CRAN incoming feasibility
Result: NOTE
Maintainer: ‘Wangqian Ju <wju@iastate.edu>’
Package CITATION file contains call(s) to old-style citEntry(). Please
use bibentry() instead.
Flavors: r-devel-linux-x86_64-debian-clang, r-devel-linux-x86_64-debian-gcc
Version: 0.1.2
Check: HTML version of manual
Result: NOTE
Found the following HTML validation problems:
compute_cross_corr.html:54:1 (compute_cross_corr.Rd:14): Warning: missing </ul> before </div>
local_max_cmps.html:51:1 (local_max_cmps.Rd:13): Warning: missing </ul> before </div>
na_trim_cmps.html:46:1 (na_trim_cmps.Rd:10): Warning: missing </ul> before </div>
Flavors: r-devel-linux-x86_64-debian-clang, r-devel-linux-x86_64-debian-gcc