Last updated on 2025-10-22 05:51:03 CEST.
Flavor | Version | Tinstall | Tcheck | Ttotal | Status | Flags |
---|---|---|---|---|---|---|
r-devel-linux-x86_64-debian-clang | 0.1.0 | 8.70 | 78.87 | 87.57 | NOTE | |
r-devel-linux-x86_64-debian-gcc | 0.1.0 | 5.82 | 55.79 | 61.61 | NOTE | |
r-devel-linux-x86_64-fedora-clang | 0.1.0 | 94.35 | OK | |||
r-devel-linux-x86_64-fedora-gcc | 0.1.0 | 18.00 | 105.04 | 123.04 | OK | |
r-devel-windows-x86_64 | 0.1.0 | 10.00 | 83.00 | 93.00 | OK | |
r-patched-linux-x86_64 | 0.1.0 | 7.61 | 72.06 | 79.67 | OK | |
r-release-linux-x86_64 | 0.1.0 | 6.85 | 71.42 | 78.27 | OK | |
r-release-macos-arm64 | 0.1.0 | 3.00 | 31.00 | 34.00 | OK | |
r-release-macos-x86_64 | 0.1.0 | 5.00 | 55.00 | 60.00 | OK | |
r-release-windows-x86_64 | 0.1.0 | 10.00 | 84.00 | 94.00 | OK | |
r-oldrel-macos-arm64 | 0.1.0 | 3.00 | 30.00 | 33.00 | OK | |
r-oldrel-macos-x86_64 | 0.1.0 | 4.00 | 42.00 | 46.00 | OK | |
r-oldrel-windows-x86_64 | 0.1.0 | 13.00 | 103.00 | 116.00 | OK |
Version: 0.1.0
Check: HTML version of manual
Result: NOTE
Found the following HTML validation problems:
append_ilr_coords.html:54:1 (append_ilr_coords.Rd:14): Warning: missing </ul> before </div>
Flavors: r-devel-linux-x86_64-debian-clang, r-devel-linux-x86_64-debian-gcc