Last updated on 2025-10-22 05:51:03 CEST.
Flavor | Version | Tinstall | Tcheck | Ttotal | Status | Flags |
---|---|---|---|---|---|---|
r-devel-linux-x86_64-debian-clang | 0.1.7 | 2.79 | 41.86 | 44.65 | NOTE | |
r-devel-linux-x86_64-debian-gcc | 0.1.7 | 2.68 | 31.57 | 34.25 | NOTE | |
r-devel-linux-x86_64-fedora-clang | 0.1.7 | 52.40 | OK | |||
r-devel-linux-x86_64-fedora-gcc | 0.1.7 | 80.75 | OK | |||
r-devel-windows-x86_64 | 0.1.7 | 5.00 | 61.00 | 66.00 | OK | |
r-patched-linux-x86_64 | 0.1.7 | 4.01 | 39.03 | 43.04 | OK | |
r-release-linux-x86_64 | 0.1.7 | 3.39 | 38.94 | 42.33 | OK | |
r-release-macos-arm64 | 0.1.7 | 2.00 | 45.00 | 47.00 | OK | |
r-release-macos-x86_64 | 0.1.7 | 3.00 | 56.00 | 59.00 | OK | |
r-release-windows-x86_64 | 0.1.7 | 6.00 | 63.00 | 69.00 | OK | |
r-oldrel-macos-arm64 | 0.1.7 | 2.00 | 25.00 | 27.00 | OK | |
r-oldrel-macos-x86_64 | 0.1.7 | 3.00 | 44.00 | 47.00 | OK | |
r-oldrel-windows-x86_64 | 0.1.7 | 6.00 | 71.00 | 77.00 | OK |
Version: 0.1.7
Check: HTML version of manual
Result: NOTE
Found the following HTML validation problems:
format_col.html:89:1 (format_col.Rd:36): Warning: missing </ul> before </div>
Flavors: r-devel-linux-x86_64-debian-clang, r-devel-linux-x86_64-debian-gcc