Last updated on 2025-10-22 05:51:03 CEST.
| Flavor | Version | Tinstall | Tcheck | Ttotal | Status | Flags |
|---|---|---|---|---|---|---|
| r-devel-linux-x86_64-debian-clang | 2.1-2 | 11.68 | 111.99 | 123.67 | NOTE | |
| r-devel-linux-x86_64-debian-gcc | 2.1-2 | 6.92 | 80.24 | 87.16 | NOTE | |
| r-devel-linux-x86_64-fedora-clang | 2.1-2 | 13.00 | 122.93 | 135.93 | OK | |
| r-devel-linux-x86_64-fedora-gcc | 2.1-2 | 22.00 | 167.91 | 189.91 | OK | |
| r-devel-windows-x86_64 | 2.1-2 | 16.00 | 147.00 | 163.00 | OK | |
| r-patched-linux-x86_64 | 2.1-2 | 10.94 | 105.66 | 116.60 | OK | |
| r-release-linux-x86_64 | 2.1-2 | 10.52 | 106.10 | 116.62 | OK | |
| r-release-macos-arm64 | 2.1-2 | 8.00 | 114.00 | 122.00 | OK | |
| r-release-macos-x86_64 | 2.1-2 | 16.00 | 173.00 | 189.00 | OK | |
| r-release-windows-x86_64 | 2.1-2 | 16.00 | 147.00 | 163.00 | OK | |
| r-oldrel-macos-arm64 | 2.1-2 | 8.00 | 118.00 | 126.00 | OK | |
| r-oldrel-macos-x86_64 | 2.1-2 | 16.00 | 174.00 | 190.00 | OK | |
| r-oldrel-windows-x86_64 | 2.1-2 | 18.00 | 182.00 | 200.00 | OK |
Version: 2.1-2
Check: HTML version of manual
Result: NOTE
Found the following HTML validation problems:
cvd_image.html:73:1 (cvd_image.Rd:26): Warning: missing </ul> before </div>
Flavors: r-devel-linux-x86_64-debian-clang, r-devel-linux-x86_64-debian-gcc