Last updated on 2025-10-24 04:50:49 CEST.
| Flavor | Version | Tinstall | Tcheck | Ttotal | Status | Flags |
|---|---|---|---|---|---|---|
| r-devel-linux-x86_64-debian-clang | 0.1.1 | 1.66 | 22.89 | 24.55 | NOTE | |
| r-devel-linux-x86_64-debian-gcc | 0.1.1 | 1.59 | 18.82 | 20.41 | NOTE | |
| r-devel-linux-x86_64-fedora-clang | 0.1.1 | 26.26 | NOTE | |||
| r-devel-linux-x86_64-fedora-gcc | 0.1.1 | 33.32 | NOTE | |||
| r-devel-windows-x86_64 | 0.1.1 | 4.00 | 41.00 | 45.00 | NOTE | |
| r-patched-linux-x86_64 | 0.1.1 | 1.89 | 20.83 | 22.72 | NOTE | |
| r-release-linux-x86_64 | 0.1.1 | 1.82 | 20.74 | 22.56 | NOTE | |
| r-release-macos-arm64 | 0.1.1 | 1.00 | 16.00 | 17.00 | NOTE | |
| r-release-macos-x86_64 | 0.1.1 | 3.00 | 25.00 | 28.00 | NOTE | |
| r-release-windows-x86_64 | 0.1.1 | 3.00 | 42.00 | 45.00 | NOTE | |
| r-oldrel-macos-arm64 | 0.1.1 | 1.00 | 20.00 | 21.00 | NOTE | |
| r-oldrel-macos-x86_64 | 0.1.1 | 2.00 | 27.00 | 29.00 | NOTE | |
| r-oldrel-windows-x86_64 | 0.1.1 | 5.00 | 47.00 | 52.00 | NOTE |
Version: 0.1.1
Check: dependencies in R code
Result: NOTE
Unexported object imported by a ':::' call: ‘crayon:::mypaste’
See the note in ?`:::` about the use of this operator.
Flavors: r-devel-linux-x86_64-debian-clang, r-devel-linux-x86_64-debian-gcc, r-devel-linux-x86_64-fedora-clang, r-devel-linux-x86_64-fedora-gcc, r-devel-windows-x86_64, r-patched-linux-x86_64, r-release-linux-x86_64, r-release-macos-arm64, r-release-macos-x86_64, r-release-windows-x86_64, r-oldrel-macos-arm64, r-oldrel-macos-x86_64, r-oldrel-windows-x86_64
Version: 0.1.1
Check: HTML version of manual
Result: NOTE
Found the following HTML validation problems:
colt_styles.html:98:1 (colt_styles.Rd:85): Warning: missing </ul> before </div>
print.colt_theme.html:51:1 (print.colt_theme.Rd:12): Warning: missing </ul> before </div>
Flavor: r-devel-linux-x86_64-debian-clang