Last updated on 2025-07-21 08:49:59 CEST.
Flavor | Version | Tinstall | Tcheck | Ttotal | Status | Flags |
---|---|---|---|---|---|---|
r-devel-linux-x86_64-debian-clang | 0.1.5 | 2.28 | 64.12 | 66.40 | NOTE | |
r-devel-linux-x86_64-debian-gcc | 0.1.5 | 1.53 | 42.77 | 44.30 | NOTE | |
r-devel-linux-x86_64-fedora-clang | 0.1.5 | 100.82 | OK | |||
r-devel-linux-x86_64-fedora-gcc | 0.1.5 | 112.66 | OK | |||
r-devel-windows-x86_64 | 0.1.5 | 4.00 | 110.00 | 114.00 | OK | |
r-patched-linux-x86_64 | 0.1.5 | 2.51 | 60.57 | 63.08 | OK | |
r-release-linux-x86_64 | 0.1.5 | 1.73 | 58.75 | 60.48 | OK | |
r-release-macos-arm64 | 0.1.5 | 46.00 | OK | |||
r-release-macos-x86_64 | 0.1.5 | 81.00 | OK | |||
r-release-windows-x86_64 | 0.1.5 | 4.00 | 113.00 | 117.00 | OK | |
r-oldrel-macos-arm64 | 0.1.5 | 38.00 | OK | |||
r-oldrel-macos-x86_64 | 0.1.5 | 60.00 | OK | |||
r-oldrel-windows-x86_64 | 0.1.5 | 5.00 | 129.00 | 134.00 | OK |
Version: 0.1.5
Check: CRAN incoming feasibility
Result: NOTE
Maintainer: ‘Zoltan Botta-Dukat <botta-dukat.zoltan@okologia.mta.hu>’
No Authors@R field in DESCRIPTION.
Please add one, modifying
Authors@R: person(given = "Zoltan",
family = "Botta-Dukat",
role = c("aut", "cre"),
email = "botta-dukat.zoltan@okologia.mta.hu")
as necessary.
Flavors: r-devel-linux-x86_64-debian-clang, r-devel-linux-x86_64-debian-gcc