Last updated on 2025-10-22 05:51:03 CEST.
Flavor | Version | Tinstall | Tcheck | Ttotal | Status | Flags |
---|---|---|---|---|---|---|
r-devel-linux-x86_64-debian-clang | 3.0.0 | 11.96 | 274.92 | 286.88 | NOTE | |
r-devel-linux-x86_64-debian-gcc | 3.0.0 | 7.33 | 189.94 | 197.27 | NOTE | |
r-devel-linux-x86_64-fedora-clang | 3.0.0 | 14.00 | 340.73 | 354.73 | OK | |
r-devel-linux-x86_64-fedora-gcc | 3.0.0 | 22.00 | 461.29 | 483.29 | OK | |
r-devel-windows-x86_64 | 3.0.0 | 13.00 | 241.00 | 254.00 | OK | |
r-patched-linux-x86_64 | 3.0.0 | 11.99 | 255.41 | 267.40 | OK | |
r-release-linux-x86_64 | 3.0.0 | 9.74 | 258.09 | 267.83 | OK | |
r-release-macos-arm64 | 3.0.0 | 5.00 | 131.00 | 136.00 | OK | |
r-release-macos-x86_64 | 3.0.0 | 13.00 | 288.00 | 301.00 | OK | |
r-release-windows-x86_64 | 3.0.0 | 14.00 | 241.00 | 255.00 | OK | |
r-oldrel-macos-arm64 | 3.0.0 | 5.00 | 130.00 | 135.00 | OK | |
r-oldrel-macos-x86_64 | 3.0.0 | 13.00 | 302.00 | 315.00 | OK | |
r-oldrel-windows-x86_64 | 3.0.0 | 17.00 | 327.00 | 344.00 | OK |
Version: 3.0.0
Check: HTML version of manual
Result: NOTE
Found the following HTML validation problems:
build_conText.html:69:1 (build_conText.Rd:25): Warning: missing </ul> before </div>
build_dem.html:69:1 (build_dem.Rd:25): Warning: missing </ul> before </div>
build_fem.html:68:1 (build_fem.Rd:24): Warning: missing </ul> before </div>
Flavors: r-devel-linux-x86_64-debian-clang, r-devel-linux-x86_64-debian-gcc