Last updated on 2025-10-22 05:51:03 CEST.
Flavor | Version | Tinstall | Tcheck | Ttotal | Status | Flags |
---|---|---|---|---|---|---|
r-devel-linux-x86_64-debian-clang | 0.10.1 | 5.52 | 64.07 | 69.59 | NOTE | |
r-devel-linux-x86_64-debian-gcc | 0.10.1 | 3.90 | 45.10 | 49.00 | NOTE | |
r-devel-linux-x86_64-fedora-clang | 0.10.1 | 74.19 | OK | |||
r-devel-linux-x86_64-fedora-gcc | 0.10.1 | 12.00 | 102.54 | 114.54 | OK | |
r-devel-windows-x86_64 | 0.10.1 | 9.00 | 81.00 | 90.00 | OK | |
r-patched-linux-x86_64 | 0.10.1 | 5.55 | 59.08 | 64.63 | OK | |
r-release-linux-x86_64 | 0.10.1 | 5.23 | 58.82 | 64.05 | OK | |
r-release-macos-arm64 | 0.10.1 | 2.00 | 33.00 | 35.00 | OK | |
r-release-macos-x86_64 | 0.10.1 | 4.00 | 66.00 | 70.00 | OK | |
r-release-windows-x86_64 | 0.10.1 | 9.00 | 82.00 | 91.00 | OK | |
r-oldrel-macos-arm64 | 0.10.1 | 2.00 | 33.00 | 35.00 | OK | |
r-oldrel-macos-x86_64 | 0.10.1 | 3.00 | 63.00 | 66.00 | OK | |
r-oldrel-windows-x86_64 | 0.10.1 | 11.00 | 96.00 | 107.00 | OK |
Version: 0.10.1
Check: HTML version of manual
Result: NOTE
Found the following HTML validation problems:
condformat-shiny.html:77:1 (condformat-shiny.Rd:33): Warning: missing </ul> before </div>
condformat2excel.html:68:1 (condformat2excel.Rd:24): Warning: missing </ul> before </div>
knit_print.condformat_tbl.html:51:1 (knit_print.condformat_tbl.Rd:12): Warning: missing </ul> before </div>
Flavors: r-devel-linux-x86_64-debian-clang, r-devel-linux-x86_64-debian-gcc