CRAN Package Check Results for Package confidence

Last updated on 2025-10-22 05:51:03 CEST.

Flavor Version Tinstall Tcheck Ttotal Status Flags
r-devel-linux-x86_64-debian-clang 1.1-3 6.73 84.72 91.45 NOTE
r-devel-linux-x86_64-debian-gcc 1.1-3 7.69 70.07 77.76 NOTE
r-devel-linux-x86_64-fedora-clang 1.1-3 106.04 OK
r-devel-linux-x86_64-fedora-gcc 1.1-3 16.00 133.92 149.92 OK
r-devel-windows-x86_64 1.1-3 9.00 97.00 106.00 OK
r-patched-linux-x86_64 1.1-3 6.62 74.20 80.82 OK
r-release-linux-x86_64 1.1-3 6.43 75.77 82.20 OK
r-release-macos-arm64 1.1-3 6.00 79.00 85.00 OK
r-release-macos-x86_64 1.1-3 9.00 79.00 88.00 OK
r-release-windows-x86_64 1.1-3 9.00 97.00 106.00 OK
r-oldrel-macos-arm64 1.1-3 3.00 45.00 48.00 OK
r-oldrel-macos-x86_64 1.1-3 9.00 80.00 89.00 OK
r-oldrel-windows-x86_64 1.1-3 10.00 110.00 120.00 OK

Check Details

Version: 1.1-3
Check: HTML version of manual
Result: NOTE Found the following HTML validation problems: write_html.html:50:1 (write_html.Rd:12): Warning: missing </ul> before </div> Flavors: r-devel-linux-x86_64-debian-clang, r-devel-linux-x86_64-debian-gcc