Last updated on 2025-10-22 05:51:03 CEST.
Flavor | Version | Tinstall | Tcheck | Ttotal | Status | Flags |
---|---|---|---|---|---|---|
r-devel-linux-x86_64-debian-clang | 1.0.0 | 2.19 | 28.23 | 30.42 | NOTE | |
r-devel-linux-x86_64-debian-gcc | 1.0.0 | 1.84 | 22.37 | 24.21 | NOTE | |
r-devel-linux-x86_64-fedora-clang | 1.0.0 | 31.22 | OK | |||
r-devel-linux-x86_64-fedora-gcc | 1.0.0 | 40.86 | OK | |||
r-devel-windows-x86_64 | 1.0.0 | 5.00 | 51.00 | 56.00 | OK | |
r-patched-linux-x86_64 | 1.0.0 | 3.05 | 25.76 | 28.81 | OK | |
r-release-linux-x86_64 | 1.0.0 | 2.23 | 25.99 | 28.22 | OK | |
r-release-macos-arm64 | 1.0.0 | 1.00 | 18.00 | 19.00 | OK | |
r-release-macos-x86_64 | 1.0.0 | 2.00 | 27.00 | 29.00 | OK | |
r-release-windows-x86_64 | 1.0.0 | 4.00 | 54.00 | 58.00 | OK | |
r-oldrel-macos-arm64 | 1.0.0 | 1.00 | 21.00 | 22.00 | NOTE | |
r-oldrel-macos-x86_64 | 1.0.0 | 2.00 | 23.00 | 25.00 | NOTE | |
r-oldrel-windows-x86_64 | 1.0.0 | 5.00 | 58.00 | 63.00 | NOTE |
Version: 1.0.0
Check: HTML version of manual
Result: NOTE
Found the following HTML validation problems:
label_ontop_boundaries.html:51:1 (label_ontop_boundaries.Rd:12): Warning: missing </ul> before </div>
plot_intervals_norm.html:92:1 (plot_intervals_norm.Rd:38): Warning: missing </ul> before </div>
strwidthl.html:46:1 (strwidthl.Rd:10): Warning: missing </ul> before </div>
Flavors: r-devel-linux-x86_64-debian-clang, r-devel-linux-x86_64-debian-gcc
Version: 1.0.0
Check: LazyData
Result: NOTE
'LazyData' is specified without a 'data' directory
Flavors: r-oldrel-macos-arm64, r-oldrel-macos-x86_64, r-oldrel-windows-x86_64