Last updated on 2025-10-22 05:51:03 CEST.
Flavor | Version | Tinstall | Tcheck | Ttotal | Status | Flags |
---|---|---|---|---|---|---|
r-devel-linux-x86_64-debian-clang | 0.1.0 | 6.50 | 55.42 | 61.92 | NOTE | |
r-devel-linux-x86_64-debian-gcc | 0.1.0 | 4.42 | 42.07 | 46.49 | NOTE | |
r-devel-linux-x86_64-fedora-clang | 0.1.0 | 15.00 | 78.81 | 93.81 | OK | |
r-devel-linux-x86_64-fedora-gcc | 0.1.0 | 13.00 | 88.60 | 101.60 | OK | |
r-devel-windows-x86_64 | 0.1.0 | 9.00 | 69.00 | 78.00 | OK | |
r-patched-linux-x86_64 | 0.1.0 | 6.94 | 51.22 | 58.16 | OK | |
r-release-linux-x86_64 | 0.1.0 | 6.52 | 51.05 | 57.57 | OK | |
r-release-macos-arm64 | 0.1.0 | 3.00 | 36.00 | 39.00 | OK | |
r-release-macos-x86_64 | 0.1.0 | 3.00 | 35.00 | 38.00 | OK | |
r-release-windows-x86_64 | 0.1.0 | 7.00 | 71.00 | 78.00 | OK | |
r-oldrel-macos-arm64 | 0.1.0 | 3.00 | 39.00 | 42.00 | OK | |
r-oldrel-macos-x86_64 | 0.1.0 | 3.00 | 46.00 | 49.00 | OK | |
r-oldrel-windows-x86_64 | 0.1.0 | 11.00 | 80.00 | 91.00 | OK |
Version: 0.1.0
Check: HTML version of manual
Result: NOTE
Found the following HTML validation problems:
ConnectorDatabricksTable.html:151:1 (ConnectorDatabricksTable.Rd:124): Warning: <h5> anchor "Usage" already defined
ConnectorDatabricksTable.html:157:1 (ConnectorDatabricksTable.Rd:128): Warning: <h5> anchor "Arguments" already defined
ConnectorDatabricksVolume.html:159:1 (ConnectorDatabricksVolume.Rd:123): Warning: <h5> anchor "Usage" already defined
ConnectorDatabricksVolume.html:165:1 (ConnectorDatabricksVolume.Rd:127): Warning: <h5> anchor "Arguments" already defined
connector-options-databricks.html:69:1 (connector-options-databricks.Rd:27): Warning: missing </ul> before </div>
Flavors: r-devel-linux-x86_64-debian-clang, r-devel-linux-x86_64-debian-gcc