Last updated on 2025-10-22 05:51:03 CEST.
Flavor | Version | Tinstall | Tcheck | Ttotal | Status | Flags |
---|---|---|---|---|---|---|
r-devel-linux-x86_64-debian-clang | 1.3.0 | 13.72 | 189.47 | 203.19 | NOTE | |
r-devel-linux-x86_64-debian-gcc | 1.3.0 | 9.26 | 122.11 | 131.37 | NOTE | |
r-devel-linux-x86_64-fedora-clang | 1.3.0 | 16.00 | 207.05 | 223.05 | OK | |
r-devel-linux-x86_64-fedora-gcc | 1.3.0 | 35.00 | 266.53 | 301.53 | OK | |
r-devel-windows-x86_64 | 1.3.0 | 17.00 | 192.00 | 209.00 | OK | |
r-patched-linux-x86_64 | 1.3.0 | 14.78 | 176.55 | 191.33 | OK | |
r-release-linux-x86_64 | 1.3.0 | 14.83 | 175.89 | 190.72 | OK | |
r-release-macos-arm64 | 1.3.0 | 9.00 | 95.00 | 104.00 | OK | |
r-release-macos-x86_64 | 1.3.0 | 14.00 | 179.00 | 193.00 | OK | |
r-release-windows-x86_64 | 1.3.0 | 17.00 | 191.00 | 208.00 | OK | |
r-oldrel-macos-arm64 | 1.3.0 | 9.00 | 105.00 | 114.00 | OK | |
r-oldrel-macos-x86_64 | 1.3.0 | 13.00 | 184.00 | 197.00 | OK | |
r-oldrel-windows-x86_64 | 1.3.0 | 23.00 | 258.00 | 281.00 | OK |
Version: 1.3.0
Check: HTML version of manual
Result: NOTE
Found the following HTML validation problems:
constructive-global_options.html:80:1 (constructive-global_options.Rd:36): Warning: missing </ul> before </div>
other-opts.html:167:1 (other-opts.Rd:201): Warning: missing </ul> before </div>
print.constructive_code.html:72:1 (print.constructive_code.Rd:27): Warning: missing </ul> before </div>
Flavors: r-devel-linux-x86_64-debian-clang, r-devel-linux-x86_64-debian-gcc