Last updated on 2025-07-21 08:50:00 CEST.
Flavor | Version | Tinstall | Tcheck | Ttotal | Status | Flags |
---|---|---|---|---|---|---|
r-devel-linux-x86_64-debian-clang | 0.0.10 | 2.22 | 26.17 | 28.39 | OK | |
r-devel-linux-x86_64-debian-gcc | 0.0.10 | 1.74 | 21.29 | 23.03 | OK | |
r-devel-linux-x86_64-fedora-clang | 0.0.10 | 42.75 | OK | |||
r-devel-linux-x86_64-fedora-gcc | 0.0.10 | 57.54 | OK | |||
r-devel-windows-x86_64 | 0.0.10 | 4.00 | 0.00 | 4.00 | FAIL | |
r-patched-linux-x86_64 | 0.0.10 | 2.54 | 24.83 | 27.37 | OK | |
r-release-linux-x86_64 | 0.0.10 | 2.20 | 24.68 | 26.88 | OK | |
r-release-macos-arm64 | 0.0.10 | 26.00 | OK | |||
r-release-macos-x86_64 | 0.0.10 | 43.00 | OK | |||
r-release-windows-x86_64 | 0.0.10 | 3.00 | 50.00 | 53.00 | OK | |
r-oldrel-macos-arm64 | 0.0.10 | 28.00 | OK | |||
r-oldrel-macos-x86_64 | 0.0.10 | 35.00 | OK | |||
r-oldrel-windows-x86_64 | 0.0.10 | 6.00 | 54.00 | 60.00 | OK |
Version: 0.0.10
Check: PDF version of manual
Result: FAIL
Check process probably crashed or hung up for 20 minutes ... killed
Most likely this happened in the example checks (?),
if not, ignore the following last lines of example output:
Group of 10 numeric tables of dimension 2
First entry:
[1] 0.06904181 0.05819868
> x[,1,1:2,1,drop=FALSE]
Group of 10 numeric tables of dimension 1x2x1
First entry:
, , 1
[,1] [,2]
[1,] 0.06904181 0.05819868
>
>
>
>
> ### * <FOOTER>
> ###
> cleanEx()
> options(digits = 7L)
> base::cat("Time elapsed: ", proc.time() - base::get("ptime", pos = 'CheckExEnv'),"\n")
Time elapsed: 0.24 0.03 0.27 NA NA
> grDevices::dev.off()
null device
1
> ###
> ### Local variables: ***
> ### mode: outline-minor ***
> ### outline-regexp: "\\(> \\)?### [*]+" ***
> ### End: ***
> quit('no')
======== End of example output (where/before crash/hang up occured ?) ========
Flavor: r-devel-windows-x86_64