CRAN Package Check Results for Package corclass

Last updated on 2025-10-22 05:51:04 CEST.

Flavor Version Tinstall Tcheck Ttotal Status Flags
r-devel-linux-x86_64-debian-clang 0.2.1 2.87 31.10 33.97 NOTE
r-devel-linux-x86_64-debian-gcc 0.2.1 2.28 24.36 26.64 NOTE
r-devel-linux-x86_64-fedora-clang 0.2.1 38.96 OK
r-devel-linux-x86_64-fedora-gcc 0.2.1 46.54 OK
r-devel-windows-x86_64 0.2.1 4.00 49.00 53.00 OK
r-patched-linux-x86_64 0.2.1 2.63 29.29 31.92 OK
r-release-linux-x86_64 0.2.1 2.17 29.43 31.60 OK
r-release-macos-arm64 0.2.1 2.00 22.00 24.00 OK
r-release-macos-x86_64 0.2.1 3.00 29.00 32.00 OK
r-release-windows-x86_64 0.2.1 4.00 49.00 53.00 OK
r-oldrel-macos-arm64 0.2.1 1.00 19.00 20.00 OK
r-oldrel-macos-x86_64 0.2.1 3.00 30.00 33.00 OK
r-oldrel-windows-x86_64 0.2.1 5.00 58.00 63.00 OK

Check Details

Version: 0.2.1
Check: CRAN incoming feasibility
Result: NOTE Maintainer: ‘Andrei Boutyline <aboutyl@umich.edu>’ No Authors@R field in DESCRIPTION. Please add one, modifying Authors@R: person(given = "Andrei", family = "Boutyline", role = c("aut", "cre"), email = "aboutyl@umich.edu") as necessary. Flavors: r-devel-linux-x86_64-debian-clang, r-devel-linux-x86_64-debian-gcc