Last updated on 2025-10-22 05:51:04 CEST.
Flavor | Version | Tinstall | Tcheck | Ttotal | Status | Flags |
---|---|---|---|---|---|---|
r-devel-linux-x86_64-debian-clang | 0.8.8 | 4.96 | 191.03 | 195.99 | NOTE | |
r-devel-linux-x86_64-debian-gcc | 0.8.8 | 2.77 | 117.95 | 120.72 | NOTE | |
r-devel-linux-x86_64-fedora-clang | 0.8.8 | 24.00 | 285.82 | 309.82 | OK | |
r-devel-linux-x86_64-fedora-gcc | 0.8.8 | 13.00 | 261.50 | 274.50 | OK | |
r-devel-windows-x86_64 | 0.8.8 | 6.00 | 162.00 | 168.00 | OK | |
r-patched-linux-x86_64 | 0.8.8 | 4.59 | 164.14 | 168.73 | OK | |
r-release-linux-x86_64 | 0.8.8 | 4.59 | 165.43 | 170.02 | OK | |
r-release-macos-arm64 | 0.8.8 | 2.00 | 80.00 | 82.00 | OK | |
r-release-macos-x86_64 | 0.8.8 | 4.00 | 154.00 | 158.00 | OK | |
r-release-windows-x86_64 | 0.8.8 | 7.00 | 160.00 | 167.00 | OK | |
r-oldrel-macos-arm64 | 0.8.8 | 2.00 | 71.00 | 73.00 | OK | |
r-oldrel-macos-x86_64 | 0.8.8 | 5.00 | 151.00 | 156.00 | OK | |
r-oldrel-windows-x86_64 | 0.8.8 | 10.00 | 220.00 | 230.00 | OK |
Version: 0.8.8
Check: HTML version of manual
Result: NOTE
Found the following HTML validation problems:
correlation-deprecated.html:46:1 (correlation-deprecated.Rd:11): Warning: missing </ul> before </div>
Flavors: r-devel-linux-x86_64-debian-clang, r-devel-linux-x86_64-debian-gcc