Last updated on 2025-07-22 08:48:29 CEST.
Flavor | Version | Tinstall | Tcheck | Ttotal | Status | Flags |
---|---|---|---|---|---|---|
r-devel-linux-x86_64-debian-clang | 1.0.2 | 34.33 | 384.34 | 418.67 | NOTE | |
r-devel-linux-x86_64-debian-gcc | 1.0.2 | 22.52 | 345.57 | 368.09 | NOTE | |
r-devel-linux-x86_64-fedora-clang | 1.0.2 | 620.74 | OK | |||
r-devel-linux-x86_64-fedora-gcc | 1.0.2 | 606.16 | OK | |||
r-devel-windows-x86_64 | 1.0.2 | 36.00 | 451.00 | 487.00 | OK | |
r-patched-linux-x86_64 | 1.0.2 | 33.62 | 368.23 | 401.85 | OK | |
r-release-linux-x86_64 | 1.0.2 | 31.89 | 367.29 | 399.18 | OK | |
r-release-macos-arm64 | 1.0.2 | 196.00 | OK | |||
r-release-macos-x86_64 | 1.0.2 | 392.00 | OK | |||
r-release-windows-x86_64 | 1.0.2 | 39.00 | 485.00 | 524.00 | OK | |
r-oldrel-macos-arm64 | 1.0.2 | 188.00 | OK | |||
r-oldrel-macos-x86_64 | 1.0.2 | 258.00 | OK | |||
r-oldrel-windows-x86_64 | 1.0.2 | 49.00 | 610.00 | 659.00 | OK |
Version: 1.0.2
Check: CRAN incoming feasibility
Result: NOTE
Maintainer: ‘Brian King <brianking387@gmail.com>’
The Description field contains
King and Kowal (2022) <arXiv:2110.14790>, and Kowal and Wu (2023)
<arXiv:2110.12316>.
Please refer to arXiv e-prints via their arXiv DOI <doi:10.48550/arXiv.YYMM.NNNNN>.
Flavors: r-devel-linux-x86_64-debian-clang, r-devel-linux-x86_64-debian-gcc