Last updated on 2025-10-24 04:50:49 CEST.
| Flavor | Version | Tinstall | Tcheck | Ttotal | Status | Flags |
|---|---|---|---|---|---|---|
| r-devel-linux-x86_64-debian-clang | 1.0.2 | 33.50 | 397.95 | 431.45 | NOTE | |
| r-devel-linux-x86_64-debian-gcc | 1.0.2 | 19.30 | 374.29 | 393.59 | NOTE | |
| r-devel-linux-x86_64-fedora-clang | 1.0.2 | 47.00 | 450.30 | 497.30 | OK | |
| r-devel-linux-x86_64-fedora-gcc | 1.0.2 | 72.00 | 548.66 | 620.66 | OK | |
| r-devel-windows-x86_64 | 1.0.2 | 41.00 | 484.00 | 525.00 | OK | |
| r-patched-linux-x86_64 | 1.0.2 | 30.03 | 385.07 | 415.10 | OK | |
| r-release-linux-x86_64 | 1.0.2 | 30.98 | 386.78 | 417.76 | OK | |
| r-release-macos-arm64 | 1.0.2 | 13.00 | 183.00 | 196.00 | OK | |
| r-release-macos-x86_64 | 1.0.2 | 34.00 | 358.00 | 392.00 | OK | |
| r-release-windows-x86_64 | 1.0.2 | 42.00 | 477.00 | 519.00 | OK | |
| r-oldrel-macos-arm64 | 1.0.2 | 13.00 | 175.00 | 188.00 | OK | |
| r-oldrel-macos-x86_64 | 1.0.2 | 20.00 | 238.00 | 258.00 | OK | |
| r-oldrel-windows-x86_64 | 1.0.2 | 52.00 | 617.00 | 669.00 | OK |
Version: 1.0.2
Check: CRAN incoming feasibility
Result: NOTE
Maintainer: ‘Brian King <brianking387@gmail.com>’
The Description field contains
King and Kowal (2022) <arXiv:2110.14790>, and Kowal and Wu (2023)
<arXiv:2110.12316>.
Please refer to arXiv e-prints via their arXiv DOI <doi:10.48550/arXiv.YYMM.NNNNN>.
Flavors: r-devel-linux-x86_64-debian-clang, r-devel-linux-x86_64-debian-gcc