CRAN Package Check Results for Package cowbell

Last updated on 2025-10-22 05:51:04 CEST.

Flavor Version Tinstall Tcheck Ttotal Status Flags
r-devel-linux-x86_64-debian-clang 0.1.0 2.19 59.86 62.05 OK
r-devel-linux-x86_64-debian-gcc 0.1.0 1.73 41.79 43.52 OK
r-devel-linux-x86_64-fedora-clang 0.1.0 64.92 NOTE
r-devel-linux-x86_64-fedora-gcc 0.1.0 98.98 NOTE
r-devel-windows-x86_64 0.1.0 4.00 73.00 77.00 OK
r-patched-linux-x86_64 0.1.0 2.24 54.88 57.12 OK
r-release-linux-x86_64 0.1.0 2.10 55.01 57.11 OK
r-release-macos-arm64 0.1.0 1.00 48.00 49.00 OK
r-release-macos-x86_64 0.1.0 2.00 68.00 70.00 OK
r-release-windows-x86_64 0.1.0 5.00 73.00 78.00 OK
r-oldrel-macos-arm64 0.1.0 1.00 38.00 39.00 OK
r-oldrel-macos-x86_64 0.1.0 2.00 55.00 57.00 OK
r-oldrel-windows-x86_64 0.1.0 5.00 86.00 91.00 OK

Check Details

Version: 0.1.0
Check: dependencies in R code
Result: NOTE Namespaces in Imports field not imported from: ‘ggplot2’ ‘misc3d’ All declared Imports should be used. Flavors: r-devel-linux-x86_64-fedora-clang, r-devel-linux-x86_64-fedora-gcc