Last updated on 2025-10-24 04:50:49 CEST.
| Flavor | Version | Tinstall | Tcheck | Ttotal | Status | Flags |
|---|---|---|---|---|---|---|
| r-devel-linux-x86_64-debian-clang | 1.0.2 | 7.38 | 64.60 | 71.98 | NOTE | |
| r-devel-linux-x86_64-debian-gcc | 1.0.2 | 5.42 | 45.76 | 51.18 | NOTE | |
| r-devel-linux-x86_64-fedora-clang | 1.0.2 | 82.93 | OK | |||
| r-devel-linux-x86_64-fedora-gcc | 1.0.2 | 16.00 | 85.80 | 101.80 | OK | |
| r-devel-windows-x86_64 | 1.0.2 | 8.00 | 71.00 | 79.00 | OK | |
| r-patched-linux-x86_64 | 1.0.2 | 7.09 | 62.19 | 69.28 | OK | |
| r-release-linux-x86_64 | 1.0.2 | 6.70 | 62.15 | 68.85 | OK | |
| r-release-macos-arm64 | 1.0.2 | 4.00 | 31.00 | 35.00 | OK | |
| r-release-macos-x86_64 | 1.0.2 | 9.00 | 72.00 | 81.00 | OK | |
| r-release-windows-x86_64 | 1.0.2 | 9.00 | 73.00 | 82.00 | OK | |
| r-oldrel-macos-arm64 | 1.0.2 | 3.00 | 31.00 | 34.00 | OK | |
| r-oldrel-macos-x86_64 | 1.0.2 | 6.00 | 56.00 | 62.00 | OK | |
| r-oldrel-windows-x86_64 | 1.0.2 | 11.00 | 87.00 | 98.00 | OK |
Version: 1.0.2
Check: CRAN incoming feasibility
Result: NOTE
Maintainer: ‘Johann Gagnon-Bartsch <johanngb@umich.edu>’
No Authors@R field in DESCRIPTION.
Please add one, modifying
Authors@R: person(given = "Johann",
family = "Gagnon-Bartsch",
role = c("aut", "cre"),
email = "johanngb@umich.edu")
as necessary.
Flavors: r-devel-linux-x86_64-debian-clang, r-devel-linux-x86_64-debian-gcc