Last updated on 2025-10-22 05:51:04 CEST.
Flavor | Version | Tinstall | Tcheck | Ttotal | Status | Flags |
---|---|---|---|---|---|---|
r-devel-linux-x86_64-debian-clang | 0.6.5 | 2.48 | 24.13 | 26.61 | NOTE | |
r-devel-linux-x86_64-debian-gcc | 0.6.5 | 1.78 | 19.62 | 21.40 | NOTE | |
r-devel-linux-x86_64-fedora-clang | 0.6.5 | 30.05 | OK | |||
r-devel-linux-x86_64-fedora-gcc | 0.6.5 | 36.51 | OK | |||
r-patched-linux-x86_64 | 0.6.5 | 2.03 | 22.65 | 24.68 | OK | |
r-release-linux-x86_64 | 0.6.5 | 2.53 | 22.74 | 25.27 | OK | |
r-release-macos-arm64 | 0.6.5 | 1.00 | 14.00 | 15.00 | OK | |
r-release-macos-x86_64 | 0.6.5 | 2.00 | 23.00 | 25.00 | OK | |
r-oldrel-macos-arm64 | 0.6.5 | 1.00 | 15.00 | 16.00 | OK | |
r-oldrel-macos-x86_64 | 0.6.5 | 2.00 | 22.00 | 24.00 | OK |
Version: 0.6.5
Check: HTML version of manual
Result: NOTE
Found the following HTML validation problems:
cron_load.html:54:1 (cron_load.Rd:14): Warning: missing </ul> before </div>
Flavors: r-devel-linux-x86_64-debian-clang, r-devel-linux-x86_64-debian-gcc