Last updated on 2025-07-21 08:50:00 CEST.
Flavor | Version | Tinstall | Tcheck | Ttotal | Status | Flags |
---|---|---|---|---|---|---|
r-devel-linux-x86_64-debian-clang | 0.8.1 | 12.10 | 238.28 | 250.38 | NOTE | |
r-devel-linux-x86_64-debian-gcc | 0.8.1 | 8.56 | 160.47 | 169.03 | NOTE | |
r-devel-linux-x86_64-fedora-clang | 0.8.1 | 374.77 | NOTE | |||
r-devel-linux-x86_64-fedora-gcc | 0.8.1 | 367.64 | NOTE | |||
r-devel-windows-x86_64 | 0.8.1 | 14.00 | 198.00 | 212.00 | NOTE | |
r-patched-linux-x86_64 | 0.8.1 | 10.62 | 221.99 | 232.61 | NOTE | |
r-release-linux-x86_64 | 0.8.1 | 12.40 | 224.97 | 237.37 | NOTE | |
r-release-macos-arm64 | 0.8.1 | 97.00 | NOTE | |||
r-release-macos-x86_64 | 0.8.1 | 207.00 | NOTE | |||
r-release-windows-x86_64 | 0.8.1 | 15.00 | 200.00 | 215.00 | NOTE | |
r-oldrel-macos-arm64 | 0.8.1 | 104.00 | OK | |||
r-oldrel-macos-x86_64 | 0.8.1 | 174.00 | OK | |||
r-oldrel-windows-x86_64 | 0.8.1 | 21.00 | 255.00 | 276.00 | OK |
Version: 0.8.1
Check: DESCRIPTION meta-information
Result: NOTE
Missing dependency on R >= 4.1.0 because package code uses the pipe
|> or function shorthand \(...) syntax added in R 4.1.0.
File(s) using such syntax:
‘officer.R’
Flavors: r-devel-linux-x86_64-debian-clang, r-devel-linux-x86_64-debian-gcc, r-devel-linux-x86_64-fedora-clang, r-devel-linux-x86_64-fedora-gcc, r-devel-windows-x86_64, r-patched-linux-x86_64, r-release-linux-x86_64, r-release-macos-arm64, r-release-macos-x86_64, r-release-windows-x86_64