CRAN Package Check Results for Package crul

Last updated on 2025-10-22 05:51:04 CEST.

Flavor Version Tinstall Tcheck Ttotal Status Flags
r-devel-linux-x86_64-debian-clang 1.6.0 9.42 64.44 73.86 NOTE
r-devel-linux-x86_64-debian-gcc 1.6.0 6.71 48.82 55.53 NOTE
r-devel-linux-x86_64-fedora-clang 1.6.0 11.00 68.14 79.14 OK
r-devel-linux-x86_64-fedora-gcc 1.6.0 21.00 98.06 119.06 OK
r-devel-windows-x86_64 1.6.0 11.00 91.00 102.00 OK
r-patched-linux-x86_64 1.6.0 9.18 60.64 69.82 OK
r-release-linux-x86_64 1.6.0 8.89 60.82 69.71 OK
r-release-macos-arm64 1.6.0 5.00 45.00 50.00 OK
r-release-macos-x86_64 1.6.0 14.00 95.00 109.00 OK
r-release-windows-x86_64 1.6.0 12.00 93.00 105.00 OK
r-oldrel-macos-arm64 1.6.0 4.00 43.00 47.00 OK
r-oldrel-macos-x86_64 1.6.0 14.00 95.00 109.00 OK
r-oldrel-windows-x86_64 1.6.0 14.00 109.00 123.00 OK

Check Details

Version: 1.6.0
Check: HTML version of manual
Result: NOTE Found the following HTML validation problems: Async.html:199:1 (Async.Rd:224): Warning: <h5> anchor "Usage" already defined Async.html:205:1 (Async.Rd:228): Warning: <h5> anchor "Arguments" already defined Async.html:243:1 (Async.Rd:252): Warning: <h5> anchor "Usage" already defined Async.html:256:1 (Async.Rd:263): Warning: <h5> anchor "Arguments" already defined Async.html:312:1 (Async.Rd:308): Warning: <h5> anchor "Usage" already defined Async.html:327:1 (Async.Rd:321): Warning: <h5> anchor "Arguments" already defined Async.html:371:1 (Async.Rd:355): Warning: <h5> anchor "Usage" already defined Async.html:386:1 (Async.Rd:368): Warning: <h5> anchor "Arguments" already defined Async.html:430:1 (Async.Rd:402): Warning: <h5> anchor "Usage" already defined Async.html:445:1 (Async.Rd:415): Warning: <h5> anchor "Arguments" already defined Async.html:489:1 (Async.Rd:449): Warning: <h5> anchor "Usage" already defined Async.html:504:1 (Async.Rd:462): Warning: <h5> anchor "Arguments" already defined Async.html:548:1 (Async.Rd:496): Warning: <h5> anchor "Usage" already defined Async.html:554:1 (Async.Rd:500): Warning: <h5> anchor "Arguments" already defined Async.html:585:1 (Async.Rd:521): Warning: <h5> anchor "Usage" already defined Async.html:591:1 (Async.Rd:525): Warning: <h5> anchor "Arguments" already defined Async.html:616:1 (Async.Rd:540): Warning: <h5> anchor "Usage" already defined Async.html:622:1 (Async.Rd:544): Warning: <h5> anchor "Arguments" already defined Async.html:640:1 (Async.Rd:556): Warning: <h5> anchor "Examples" already defined Async.html:669:1 (Async.Rd:580): Warning: <h5> anchor "Usage" already defined Async.html:675:1 (Async.Rd:584): Warning: <h5> anchor "Arguments" already defined AsyncQueue.html:147:1 (AsyncQueue.Rd:132): Warning: <h5> anchor "Usage" already defined AsyncQueue.html:159:1 (AsyncQueue.Rd:142): Warning: <h5> anchor "Arguments" already defined AsyncQueue.html:208:1 (AsyncQueue.Rd:174): Warning: <h5> anchor "Usage" already defined AsyncQueue.html:214:1 (AsyncQueue.Rd:178): Warning: <h5> anchor "Returns" already defined AsyncQueue.html:232:1 (AsyncQueue.Rd:188): Warning: <h5> anchor "Usage" already defined AsyncQueue.html:238:1 (AsyncQueue.Rd:192): Warning: <h5> anchor "Returns" already defined AsyncQueue.html:256:1 (AsyncQueue.Rd:202): Warning: <h5> anchor "Usage" already defined AsyncQueue.html:262:1 (AsyncQueue.Rd:206): Warning: <h5> anchor "Arguments" already defined AsyncQueue.html:276:1 (AsyncQueue.Rd:214): Warning: <h5> anchor "Returns" already defined AsyncQueue.html:294:1 (AsyncQueue.Rd:224): Warning: <h5> anchor "Usage" already defined AsyncQueue.html:300:1 (AsyncQueue.Rd:228): Warning: <h5> anchor "Returns" already defined AsyncQueue.html:317:1 (AsyncQueue.Rd:237): Warning: <h5> anchor "Usage" already defined AsyncQueue.html:323:1 (AsyncQueue.Rd:241): Warning: <h5> anchor "Returns" already defined AsyncQueue.html:340:1 (AsyncQueue.Rd:250): Warning: <h5> anchor "Usage" already defined AsyncQueue.html:346:1 (AsyncQueue.Rd:254): Warning: <h5> anchor "Returns" already defined AsyncQueue.html:363:1 (AsyncQueue.Rd:263): Warning: <h5> anchor "Usage" already defined AsyncQueue.html:369:1 (AsyncQueue.Rd:267): Warning: <h5> anchor "Returns" already defined AsyncQueue.html:386:1 (AsyncQueue.Rd:276): Warning: <h5> anchor "Usage" already defined AsyncQueue.html:392:1 (AsyncQueue.Rd:280): Warning: <h5> anchor "Arguments" already defined AsyncVaried.html:186:1 (AsyncVaried.Rd:250): Warning: <h5> anchor "Usage" already defined AsyncVaried.html:192:1 (AsyncVaried.Rd:254): Warning: <h5> anchor "Arguments" already defined AsyncVaried.html:227:1 (AsyncVaried.Rd:275): Warning: <h5> anchor "Usage" already defined AsyncVaried.html:233:1 (AsyncVaried.Rd:279): Warning: <h5> anchor "Returns" already defined AsyncVaried.html:251:1 (AsyncVaried.Rd:289): Warning: <h5> anchor "Usage" already defined AsyncVaried.html:265:1 (AsyncVaried.Rd:298): Warning: <h5> anchor "Returns" already defined AsyncVaried.html:283:1 (AsyncVaried.Rd:308): Warning: <h5> anchor "Usage" already defined AsyncVaried.html:289:1 (AsyncVaried.Rd:312): Warning: <h5> anchor "Returns" already defined AsyncVaried.html:307:1 (AsyncVaried.Rd:322): Warning: <h5> anchor "Usage" already defined AsyncVaried.html:313:1 (AsyncVaried.Rd:326): Warning: <h5> anchor "Arguments" already defined AsyncVaried.html:327:1 (AsyncVaried.Rd:334): Warning: <h5> anchor "Returns" already defined AsyncVaried.html:345:1 (AsyncVaried.Rd:344): Warning: <h5> anchor "Usage" already defined AsyncVaried.html:351:1 (AsyncVaried.Rd:348): Warning: <h5> anchor "Returns" already defined AsyncVaried.html:368:1 (AsyncVaried.Rd:357): Warning: <h5> anchor "Usage" already defined AsyncVaried.html:374:1 (AsyncVaried.Rd:361): Warning: <h5> anchor "Returns" already defined AsyncVaried.html:391:1 (AsyncVaried.Rd:370): Warning: <h5> anchor "Usage" already defined AsyncVaried.html:397:1 (AsyncVaried.Rd:374): Warning: <h5> anchor "Returns" already defined AsyncVaried.html:414:1 (AsyncVaried.Rd:383): Warning: <h5> anchor "Usage" already defined AsyncVaried.html:420:1 (AsyncVaried.Rd:387): Warning: <h5> anchor "Returns" already defined AsyncVaried.html:437:1 (AsyncVaried.Rd:396): Warning: <h5> anchor "Usage" already defined AsyncVaried.html:443:1 (AsyncVaried.Rd:400): Warning: <h5> anchor "Arguments" already defined HttpClient.html:174:1 (HttpClient.Rd:213): Warning: <h5> anchor "Usage" already defined HttpClient.html:190:1 (HttpClient.Rd:227): Warning: <h5> anchor "Arguments" already defined HttpClient.html:241:1 (HttpClient.Rd:264): Warning: <h5> anchor "Usage" already defined HttpClient.html:254:1 (HttpClient.Rd:275): Warning: <h5> anchor "Arguments" already defined HttpClient.html:298:1 (HttpClient.Rd:309): Warning: <h5> anchor "Usage" already defined HttpClient.html:313:1 (HttpClient.Rd:322): Warning: <h5> anchor "Arguments" already defined HttpClient.html:361:1 (HttpClient.Rd:360): Warning: <h5> anchor "Usage" already defined HttpClient.html:376:1 (HttpClient.Rd:373): Warning: <h5> anchor "Arguments" already defined HttpClient.html:424:1 (HttpClient.Rd:411): Warning: <h5> anchor "Usage" already defined HttpClient.html:439:1 (HttpClient.Rd:424): Warning: <h5> anchor "Arguments" already defined HttpClient.html:487:1 (HttpClient.Rd:462): Warning: <h5> anchor "Usage" already defined HttpClient.html:502:1 (HttpClient.Rd:475): Warning: <h5> anchor "Arguments" already defined HttpClient.html:550:1 (HttpClient.Rd:513): Warning: <h5> anchor "Usage" already defined HttpClient.html:561:1 (HttpClient.Rd:522): Warning: <h5> anchor "Arguments" already defined HttpClient.html:600:1 (HttpClient.Rd:551): Warning: <h5> anchor "Usage" already defined HttpClient.html:606:1 (HttpClient.Rd:555): Warning: <h5> anchor "Arguments" already defined HttpClient.html:651:1 (HttpClient.Rd:589): Warning: <h5> anchor "Usage" already defined HttpClient.html:667:1 (HttpClient.Rd:603): Warning: <h5> anchor "Arguments" already defined HttpClient.html:718:1 (HttpClient.Rd:645): Warning: <h5> anchor "Examples" already defined HttpClient.html:748:1 (HttpClient.Rd:670): Warning: <h5> anchor "Usage" already defined HttpClient.html:766:1 (HttpClient.Rd:682): Warning: <h5> anchor "Usage" already defined HttpClient.html:772:1 (HttpClient.Rd:686): Warning: <h5> anchor "Arguments" already defined HttpClient.html:789:1 (HttpClient.Rd:697): Warning: <h5> anchor "Returns" already defined HttpClient.html:796:1 (HttpClient.Rd:700): Warning: <h5> anchor "Examples" already defined HttpClient.html:819:1 (HttpClient.Rd:718): Warning: <h5> anchor "Usage" already defined HttpClient.html:825:1 (HttpClient.Rd:722): Warning: <h5> anchor "Arguments" already defined HttpRequest.html:167:1 (HttpRequest.Rd:146): Warning: <h5> anchor "Usage" already defined HttpRequest.html:173:1 (HttpRequest.Rd:150): Warning: <h5> anchor "Arguments" already defined HttpRequest.html:217:1 (HttpRequest.Rd:180): Warning: <h5> anchor "Usage" already defined HttpRequest.html:230:1 (HttpRequest.Rd:191): Warning: <h5> anchor "Arguments" already defined HttpRequest.html:270:1 (HttpRequest.Rd:221): Warning: <h5> anchor "Usage" already defined HttpRequest.html:285:1 (HttpRequest.Rd:234): Warning: <h5> anchor "Arguments" already defined HttpRequest.html:329:1 (HttpRequest.Rd:268): Warning: <h5> anchor "Usage" already defined HttpRequest.html:344:1 (HttpRequest.Rd:281): Warning: <h5> anchor "Arguments" already defined HttpRequest.html:388:1 (HttpRequest.Rd:315): Warning: <h5> anchor "Usage" already defined HttpRequest.html:403:1 (HttpRequest.Rd:328): Warning: <h5> anchor "Arguments" already defined HttpRequest.html:447:1 (HttpRequest.Rd:362): Warning: <h5> anchor "Usage" already defined HttpRequest.html:462:1 (HttpRequest.Rd:375): Warning: <h5> anchor "Arguments" already defined HttpRequest.html:506:1 (HttpRequest.Rd:409): Warning: <h5> anchor "Usage" already defined HttpRequest.html:512:1 (HttpRequest.Rd:413): Warning: <h5> anchor "Arguments" already defined HttpRequest.html:544:1 (HttpRequest.Rd:435): Warning: <h5> anchor "Usage" already defined HttpRequest.html:550:1 (HttpRequest.Rd:439): Warning: <h5> anchor "Arguments" already defined HttpRequest.html:589:1 (HttpRequest.Rd:467): Warning: <h5> anchor "Usage" already defined HttpRequest.html:605:1 (HttpRequest.Rd:481): Warning: <h5> anchor "Arguments" already defined HttpRequest.html:654:1 (HttpRequest.Rd:520): Warning: <h5> anchor "Usage" already defined HttpRequest.html:660:1 (HttpRequest.Rd:524): Warning: <h5> anchor "Returns" already defined HttpRequest.html:677:1 (HttpRequest.Rd:533): Warning: <h5> anchor "Usage" already defined HttpRequest.html:683:1 (HttpRequest.Rd:537): Warning: <h5> anchor "Arguments" already defined HttpResponse.html:194:1 (HttpResponse.Rd:147): Warning: <h5> anchor "Usage" already defined HttpResponse.html:213:1 (HttpResponse.Rd:164): Warning: <h5> anchor "Arguments" already defined HttpResponse.html:259:1 (HttpResponse.Rd:200): Warning: <h5> anchor "Usage" already defined HttpResponse.html:265:1 (HttpResponse.Rd:204): Warning: <h5> anchor "Arguments" already defined HttpResponse.html:300:1 (HttpResponse.Rd:225): Warning: <h5> anchor "Usage" already defined HttpResponse.html:306:1 (HttpResponse.Rd:229): Warning: <h5> anchor "Returns" already defined HttpResponse.html:323:1 (HttpResponse.Rd:238): Warning: <h5> anchor "Usage" already defined HttpResponse.html:329:1 (HttpResponse.Rd:242): Warning: <h5> anchor "Arguments" already defined HttpResponse.html:343:1 (HttpResponse.Rd:250): Warning: <h5> anchor "Returns" already defined HttpResponse.html:363:1 (HttpResponse.Rd:262): Warning: <h5> anchor "Usage" already defined HttpResponse.html:369:1 (HttpResponse.Rd:266): Warning: <h5> anchor "Returns" already defined HttpResponse.html:386:1 (HttpResponse.Rd:275): Warning: <h5> anchor "Usage" already defined HttpResponse.html:392:1 (HttpResponse.Rd:279): Warning: <h5> anchor "Arguments" already defined Paginator.html:223:1 (Paginator.Rd:196): Warning: <h5> anchor "Usage" already defined Paginator.html:239:1 (Paginator.Rd:210): Warning: <h5> anchor "Arguments" already defined Paginator.html:290:1 (Paginator.Rd:247): Warning: <h5> anchor "Usage" already defined Paginator.html:296:1 (Paginator.Rd:251): Warning: <h5> anchor "Arguments" already defined Paginator.html:329:1 (Paginator.Rd:274): Warning: <h5> anchor "Usage" already defined Paginator.html:341:1 (Paginator.Rd:284): Warning: <h5> anchor "Arguments" already defined Paginator.html:378:1 (Paginator.Rd:311): Warning: <h5> anchor "Usage" already defined Paginator.html:390:1 (Paginator.Rd:321): Warning: <h5> anchor "Arguments" already defined Paginator.html:427:1 (Paginator.Rd:348): Warning: <h5> anchor "Usage" already defined Paginator.html:439:1 (Paginator.Rd:358): Warning: <h5> anchor "Arguments" already defined Paginator.html:476:1 (Paginator.Rd:385): Warning: <h5> anchor "Usage" already defined Paginator.html:488:1 (Paginator.Rd:395): Warning: <h5> anchor "Arguments" already defined Paginator.html:525:1 (Paginator.Rd:422): Warning: <h5> anchor "Usage" already defined Paginator.html:531:1 (Paginator.Rd:426): Warning: <h5> anchor "Arguments" already defined Paginator.html:567:1 (Paginator.Rd:449): Warning: <h5> anchor "Usage" already defined Paginator.html:573:1 (Paginator.Rd:453): Warning: <h5> anchor "Returns" already defined Paginator.html:590:1 (Paginator.Rd:462): Warning: <h5> anchor "Usage" already defined Paginator.html:596:1 (Paginator.Rd:466): Warning: <h5> anchor "Returns" already defined Paginator.html:613:1 (Paginator.Rd:475): Warning: <h5> anchor "Usage" already defined Paginator.html:619:1 (Paginator.Rd:479): Warning: <h5> anchor "Returns" already defined Paginator.html:636:1 (Paginator.Rd:488): Warning: <h5> anchor "Usage" already defined Paginator.html:642:1 (Paginator.Rd:492): Warning: <h5> anchor "Arguments" already defined Paginator.html:656:1 (Paginator.Rd:500): Warning: <h5> anchor "Returns" already defined Paginator.html:674:1 (Paginator.Rd:510): Warning: <h5> anchor "Usage" already defined Paginator.html:680:1 (Paginator.Rd:514): Warning: <h5> anchor "Returns" already defined Paginator.html:697:1 (Paginator.Rd:523): Warning: <h5> anchor "Usage" already defined Paginator.html:703:1 (Paginator.Rd:527): Warning: <h5> anchor "Returns" already defined Paginator.html:722:1 (Paginator.Rd:538): Warning: <h5> anchor "Usage" already defined Paginator.html:728:1 (Paginator.Rd:542): Warning: <h5> anchor "Arguments" already defined Paginator.html:745:1 (Paginator.Rd:553): Warning: <h5> anchor "Returns" already defined Paginator.html:777:1 (Paginator.Rd:576): Warning: <h5> anchor "Usage" already defined Paginator.html:783:1 (Paginator.Rd:580): Warning: <h5> anchor "Arguments" already defined mock.html:50:1 (mock.Rd:11): Warning: missing </ul> before </div> Flavors: r-devel-linux-x86_64-debian-clang, r-devel-linux-x86_64-debian-gcc