CRAN Package Check Results for Package csvy

Last updated on 2025-10-22 05:51:04 CEST.

Flavor Version Tinstall Tcheck Ttotal Status Flags
r-devel-linux-x86_64-debian-clang 0.3.0 2.28 27.53 29.81 NOTE
r-devel-linux-x86_64-debian-gcc 0.3.0 1.72 22.08 23.80 NOTE
r-devel-linux-x86_64-fedora-clang 0.3.0 31.29 OK
r-devel-linux-x86_64-fedora-gcc 0.3.0 37.90 OK
r-devel-windows-x86_64 0.3.0 4.00 43.00 47.00 OK
r-patched-linux-x86_64 0.3.0 2.47 24.33 26.80 OK
r-release-linux-x86_64 0.3.0 2.15 24.29 26.44 OK
r-release-macos-arm64 0.3.0 1.00 17.00 18.00 OK
r-release-macos-x86_64 0.3.0 2.00 25.00 27.00 OK
r-release-windows-x86_64 0.3.0 3.00 46.00 49.00 OK
r-oldrel-macos-arm64 0.3.0 1.00 17.00 18.00 OK
r-oldrel-macos-x86_64 0.3.0 2.00 24.00 26.00 OK
r-oldrel-windows-x86_64 0.3.0 6.00 52.00 58.00 OK

Check Details

Version: 0.3.0
Check: CRAN incoming feasibility
Result: NOTE Maintainer: ‘Thomas J. Leeper <thosjleeper@gmail.com>’ Package CITATION file contains call(s) to old-style personList() or as.personList(). Please use c() on person objects instead. Package CITATION file contains call(s) to old-style citEntry(). Please use bibentry() instead. Flavors: r-devel-linux-x86_64-debian-clang, r-devel-linux-x86_64-debian-gcc