Last updated on 2025-10-24 04:50:50 CEST.
| Flavor | Version | Tinstall | Tcheck | Ttotal | Status | Flags |
|---|---|---|---|---|---|---|
| r-devel-linux-x86_64-debian-clang | 1.3 | 2.10 | 34.85 | 36.95 | NOTE | |
| r-devel-linux-x86_64-debian-gcc | 1.3 | 1.38 | 26.52 | 27.90 | OK | |
| r-devel-linux-x86_64-fedora-clang | 1.3 | 38.02 | OK | |||
| r-devel-linux-x86_64-fedora-gcc | 1.3 | 50.21 | OK | |||
| r-devel-windows-x86_64 | 1.3 | 4.00 | 52.00 | 56.00 | OK | |
| r-patched-linux-x86_64 | 1.3 | 2.40 | 32.64 | 35.04 | OK | |
| r-release-linux-x86_64 | 1.3 | 2.15 | 33.47 | 35.62 | OK | |
| r-release-macos-arm64 | 1.3 | 1.00 | 25.00 | 26.00 | OK | |
| r-release-macos-x86_64 | 1.3 | 2.00 | 35.00 | 37.00 | OK | |
| r-release-windows-x86_64 | 1.3 | 4.00 | 54.00 | 58.00 | OK | |
| r-oldrel-macos-arm64 | 1.3 | 1.00 | 24.00 | 25.00 | OK | |
| r-oldrel-macos-x86_64 | 1.3 | 3.00 | 38.00 | 41.00 | OK | |
| r-oldrel-windows-x86_64 | 1.3 | 5.00 | 63.00 | 68.00 | OK |
Version: 1.3
Check: HTML version of manual
Result: NOTE
Found the following HTML validation problems:
nonzero.singleton.html:51:1 (nonzero.singleton.Rd:12): Warning: missing </ul> before </div>
Flavor: r-devel-linux-x86_64-debian-clang