Last updated on 2025-10-24 04:50:50 CEST.
| Flavor | Version | Tinstall | Tcheck | Ttotal | Status | Flags |
|---|---|---|---|---|---|---|
| r-devel-linux-x86_64-debian-clang | 1.3 | 2.32 | 28.27 | 30.59 | OK | |
| r-devel-linux-x86_64-debian-gcc | 1.3 | 1.91 | 22.73 | 24.64 | OK | |
| r-devel-linux-x86_64-fedora-clang | 1.3 | 34.32 | OK | |||
| r-devel-linux-x86_64-fedora-gcc | 1.3 | 41.72 | OK | |||
| r-devel-windows-x86_64 | 1.3 | 4.00 | 46.00 | 50.00 | OK | |
| r-patched-linux-x86_64 | 1.3 | 2.53 | 26.64 | 29.17 | OK | |
| r-release-linux-x86_64 | 1.3 | 2.23 | 26.72 | 28.95 | OK | |
| r-release-macos-arm64 | 1.3 | 1.00 | 19.00 | 20.00 | OK | |
| r-release-macos-x86_64 | 1.3 | 2.00 | 29.00 | 31.00 | OK | |
| r-release-windows-x86_64 | 1.3 | 5.00 | 48.00 | 53.00 | OK | |
| r-oldrel-macos-arm64 | 1.3 | 1.00 | 16.00 | 17.00 | NOTE | |
| r-oldrel-macos-x86_64 | 1.3 | 2.00 | 23.00 | 25.00 | NOTE | |
| r-oldrel-windows-x86_64 | 1.3 | 6.00 | 55.00 | 61.00 | NOTE |
Version: 1.3
Check: LazyData
Result: NOTE
'LazyData' is specified without a 'data' directory
Flavors: r-oldrel-macos-arm64, r-oldrel-macos-x86_64, r-oldrel-windows-x86_64