Last updated on 2025-10-24 04:50:50 CEST.
| Flavor | Version | Tinstall | Tcheck | Ttotal | Status | Flags |
|---|---|---|---|---|---|---|
| r-devel-linux-x86_64-debian-clang | 1.0.3 | 2.11 | 26.82 | 28.93 | NOTE | |
| r-devel-linux-x86_64-debian-gcc | 1.0.3 | 1.94 | 21.10 | 23.04 | NOTE | |
| r-devel-linux-x86_64-fedora-clang | 1.0.3 | 44.67 | OK | |||
| r-devel-linux-x86_64-fedora-gcc | 1.0.3 | 40.86 | OK | |||
| r-devel-windows-x86_64 | 1.0.3 | 4.00 | 47.00 | 51.00 | OK | |
| r-patched-linux-x86_64 | 1.0.3 | 3.18 | 25.70 | 28.88 | OK | |
| r-release-linux-x86_64 | 1.0.3 | 2.41 | 25.34 | 27.75 | OK | |
| r-release-macos-arm64 | 1.0.3 | 1.00 | 16.00 | 17.00 | OK | |
| r-release-macos-x86_64 | 1.0.3 | 2.00 | 26.00 | 28.00 | OK | |
| r-release-windows-x86_64 | 1.0.3 | 3.00 | 48.00 | 51.00 | OK | |
| r-oldrel-macos-arm64 | 1.0.3 | 1.00 | 16.00 | 17.00 | OK | |
| r-oldrel-macos-x86_64 | 1.0.3 | 2.00 | 25.00 | 27.00 | OK | |
| r-oldrel-windows-x86_64 | 1.0.3 | 5.00 | 54.00 | 59.00 | OK |
Version: 1.0.3
Check: CRAN incoming feasibility
Result: NOTE
Maintainer: ‘Romain Azais <romain.azais@inria.fr>’
No Authors@R field in DESCRIPTION.
Please add one, modifying
Authors@R: c(person(given = "Romain",
family = "Azais",
role = c("aut", "cre"),
email = "romain.azais@inria.fr"),
person(given = "Sandie",
family = "Ferrigno",
role = "aut"),
person(given = "Marie-Jose",
family = "Martinez",
role = "aut"))
as necessary.
Flavors: r-devel-linux-x86_64-debian-clang, r-devel-linux-x86_64-debian-gcc