CRAN Package Check Results for Package cytominer

Last updated on 2025-07-22 08:48:29 CEST.

Flavor Version Tinstall Tcheck Ttotal Status Flags
r-devel-linux-x86_64-debian-clang 0.2.2 7.21 118.66 125.87 OK
r-devel-linux-x86_64-debian-gcc 0.2.2 4.83 86.81 91.64 OK
r-devel-linux-x86_64-fedora-clang 0.2.2 204.45 OK
r-devel-linux-x86_64-fedora-gcc 0.2.2 196.21 OK
r-devel-windows-x86_64 0.2.2 9.00 116.00 125.00 OK
r-patched-linux-x86_64 0.2.2 7.99 112.00 119.99 OK
r-release-linux-x86_64 0.2.2 7.54 111.65 119.19 OK
r-release-macos-arm64 0.2.2 63.00 OK
r-release-macos-x86_64 0.2.2 125.00 OK
r-release-windows-x86_64 0.2.2 9.00 122.00 131.00 OK
r-oldrel-macos-arm64 0.2.2 55.00 NOTE
r-oldrel-macos-x86_64 0.2.2 89.00 NOTE
r-oldrel-windows-x86_64 0.2.2 12.00 148.00 160.00 NOTE

Check Details

Version: 0.2.2
Check: LazyData
Result: NOTE 'LazyData' is specified without a 'data' directory Flavors: r-oldrel-macos-arm64, r-oldrel-macos-x86_64, r-oldrel-windows-x86_64