Last updated on 2025-10-22 05:51:05 CEST.
Flavor | Version | Tinstall | Tcheck | Ttotal | Status | Flags |
---|---|---|---|---|---|---|
r-devel-linux-x86_64-debian-clang | 1.40 | 43.18 | 125.50 | 168.68 | NOTE | |
r-devel-linux-x86_64-debian-gcc | 1.40 | 27.22 | 83.11 | 110.33 | NOTE | |
r-devel-linux-x86_64-fedora-clang | 1.40 | 107.00 | 160.47 | 267.47 | OK | |
r-devel-linux-x86_64-fedora-gcc | 1.40 | 118.00 | 144.04 | 262.04 | OK | |
r-devel-windows-x86_64 | 1.40 | 50.00 | 174.00 | 224.00 | OK | |
r-patched-linux-x86_64 | 1.40 | 35.69 | 121.57 | 157.26 | NOTE | |
r-release-linux-x86_64 | 1.40 | 29.77 | 119.34 | 149.11 | NOTE | |
r-release-macos-arm64 | 1.40 | 25.00 | 56.00 | 81.00 | OK | |
r-release-macos-x86_64 | 1.40 | 24.00 | 108.00 | 132.00 | OK | |
r-release-windows-x86_64 | 1.40 | 52.00 | 179.00 | 231.00 | OK | |
r-oldrel-macos-arm64 | 1.40 | 20.00 | 59.00 | 79.00 | OK | |
r-oldrel-macos-x86_64 | 1.40 | 18.00 | 82.00 | 100.00 | OK | |
r-oldrel-windows-x86_64 | 1.40 | 59.00 | 203.00 | 262.00 | OK |
Version: 1.40
Check: for unstated dependencies in ‘demo’
Result: NOTE
'library' or 'require' call not declared from: ‘nlme’
Flavors: r-devel-linux-x86_64-debian-clang, r-devel-linux-x86_64-debian-gcc, r-patched-linux-x86_64, r-release-linux-x86_64