CRAN Package Check Results for Package debar

Last updated on 2025-07-22 08:48:29 CEST.

Flavor Version Tinstall Tcheck Ttotal Status Flags
r-devel-linux-x86_64-debian-clang 0.1.1 2.57 156.76 159.33 NOTE
r-devel-linux-x86_64-debian-gcc 0.1.1 2.06 91.66 93.72 NOTE
r-devel-linux-x86_64-fedora-clang 0.1.1 239.63 OK
r-devel-linux-x86_64-fedora-gcc 0.1.1 294.70 OK
r-devel-windows-x86_64 0.1.1 5.00 134.00 139.00 OK
r-patched-linux-x86_64 0.1.1 3.23 156.87 160.10 OK
r-release-linux-x86_64 0.1.1 2.64 153.91 156.55 OK
r-release-macos-arm64 0.1.1 95.00 OK
r-release-macos-x86_64 0.1.1 178.00 OK
r-release-windows-x86_64 0.1.1 5.00 140.00 145.00 OK
r-oldrel-macos-arm64 0.1.1 65.00 OK
r-oldrel-macos-x86_64 0.1.1 95.00 OK
r-oldrel-windows-x86_64 0.1.1 6.00 197.00 203.00 OK

Check Details

Version: 0.1.1
Check: CRAN incoming feasibility
Result: NOTE Maintainer: ‘Cameron M. Nugent <camnugent@gmail.com>’ No Authors@R field in DESCRIPTION. Please add one, modifying Authors@R: person(given = c("Cameron", "M."), family = "Nugent", role = c("aut", "cre"), email = "camnugent@gmail.com") as necessary. Flavors: r-devel-linux-x86_64-debian-clang, r-devel-linux-x86_64-debian-gcc