Last updated on 2025-10-22 05:51:05 CEST.
Flavor | Version | Tinstall | Tcheck | Ttotal | Status | Flags |
---|---|---|---|---|---|---|
r-devel-linux-x86_64-debian-clang | 0.0.1 | 1.65 | 24.34 | 25.99 | OK | |
r-devel-linux-x86_64-debian-gcc | 0.0.1 | 1.43 | 19.76 | 21.19 | OK | |
r-devel-linux-x86_64-fedora-clang | 0.0.1 | 37.65 | OK | |||
r-devel-linux-x86_64-fedora-gcc | 0.0.1 | 51.09 | OK | |||
r-devel-windows-x86_64 | 0.0.1 | 2.00 | 41.00 | 43.00 | OK | |
r-patched-linux-x86_64 | 0.0.1 | 1.75 | 22.18 | 23.93 | OK | |
r-release-linux-x86_64 | 0.0.1 | 1.64 | 21.75 | 23.39 | OK | |
r-release-macos-arm64 | 0.0.1 | 1.00 | 21.00 | 22.00 | OK | |
r-release-macos-x86_64 | 0.0.1 | 2.00 | 39.00 | 41.00 | OK | |
r-release-windows-x86_64 | 0.0.1 | 3.00 | 46.00 | 49.00 | OK | |
r-oldrel-macos-arm64 | 0.0.1 | 1.00 | 21.00 | 22.00 | NOTE | |
r-oldrel-macos-x86_64 | 0.0.1 | 1.00 | 32.00 | 33.00 | NOTE | |
r-oldrel-windows-x86_64 | 0.0.1 | 4.00 | 48.00 | 52.00 | NOTE |
Version: 0.0.1
Check: LazyData
Result: NOTE
'LazyData' is specified without a 'data' directory
Flavors: r-oldrel-macos-arm64, r-oldrel-macos-x86_64, r-oldrel-windows-x86_64