Last updated on 2025-10-22 05:51:05 CEST.
Flavor | Version | Tinstall | Tcheck | Ttotal | Status | Flags |
---|---|---|---|---|---|---|
r-devel-linux-x86_64-debian-clang | 1.2.2 | 4.15 | 41.13 | 45.28 | NOTE | |
r-devel-linux-x86_64-debian-gcc | 1.2.2 | 3.99 | 32.50 | 36.49 | NOTE | |
r-devel-linux-x86_64-fedora-clang | 1.2.2 | 11.00 | 56.84 | 67.84 | OK | |
r-devel-linux-x86_64-fedora-gcc | 1.2.2 | 77.17 | OK | |||
r-devel-windows-x86_64 | 1.2.2 | 7.00 | 64.00 | 71.00 | OK | |
r-patched-linux-x86_64 | 1.2.2 | 5.98 | 37.92 | 43.90 | OK | |
r-release-linux-x86_64 | 1.2.2 | 4.11 | 37.19 | 41.30 | OK | |
r-release-macos-arm64 | 1.2.2 | 3.00 | 29.00 | 32.00 | OK | |
r-release-macos-x86_64 | 1.2.2 | 6.00 | 52.00 | 58.00 | OK | |
r-release-windows-x86_64 | 1.2.2 | 6.00 | 68.00 | 74.00 | OK | |
r-oldrel-macos-arm64 | 1.2.2 | 2.00 | 32.00 | 34.00 | OK | |
r-oldrel-macos-x86_64 | 1.2.2 | 4.00 | 41.00 | 45.00 | OK | |
r-oldrel-windows-x86_64 | 1.2.2 | 9.00 | 77.00 | 86.00 | OK |
Version: 1.2.2
Check: HTML version of manual
Result: NOTE
Found the following HTML validation problems:
decode.html:122:1 (decode.Rd:73): Warning: <h3> anchor "extra_functions" already defined
extra_functions.html:54:1 (extra_functions.Rd:22): Warning: missing </ul> before </div>
Flavors: r-devel-linux-x86_64-debian-clang, r-devel-linux-x86_64-debian-gcc