Last updated on 2025-10-22 05:51:05 CEST.
Flavor | Version | Tinstall | Tcheck | Ttotal | Status | Flags |
---|---|---|---|---|---|---|
r-devel-linux-x86_64-debian-clang | 0.1.2 | 3.46 | 31.76 | 35.22 | NOTE | |
r-devel-linux-x86_64-debian-gcc | 0.1.2 | 2.38 | 24.52 | 26.90 | NOTE | |
r-devel-linux-x86_64-fedora-clang | 0.1.2 | 52.68 | OK | |||
r-devel-linux-x86_64-fedora-gcc | 0.1.2 | 49.33 | OK | |||
r-devel-windows-x86_64 | 0.1.2 | 5.00 | 48.00 | 53.00 | OK | |
r-patched-linux-x86_64 | 0.1.2 | 3.60 | 29.36 | 32.96 | OK | |
r-release-linux-x86_64 | 0.1.2 | 3.27 | 29.46 | 32.73 | OK | |
r-release-macos-arm64 | 0.1.2 | 2.00 | 24.00 | 26.00 | OK | |
r-release-macos-x86_64 | 0.1.2 | 3.00 | 30.00 | 33.00 | OK | |
r-release-windows-x86_64 | 0.1.2 | 5.00 | 49.00 | 54.00 | OK | |
r-oldrel-macos-arm64 | 0.1.2 | 2.00 | 19.00 | 21.00 | OK | |
r-oldrel-macos-x86_64 | 0.1.2 | 5.00 | 42.00 | 47.00 | OK | |
r-oldrel-windows-x86_64 | 0.1.2 | 7.00 | 57.00 | 64.00 | OK |
Version: 0.1.2
Check: HTML version of manual
Result: NOTE
Found the following HTML validation problems:
plot.decp_result.html:51:1 (plot.decp_result.Rd:12): Warning: missing </ul> before </div>
plot.mle_change_point_result.html:51:1 (plot.mle_change_point_result.Rd:12): Warning: missing </ul> before </div>
print.decp_result.html:51:1 (print.decp_result.Rd:12): Warning: missing </ul> before </div>
print.mle_change_point_result.html:51:1 (print.mle_change_point_result.Rd:12): Warning: missing </ul> before </div>
summary.decp_result.html:51:1 (summary.decp_result.Rd:12): Warning: missing </ul> before </div>
Flavors: r-devel-linux-x86_64-debian-clang, r-devel-linux-x86_64-debian-gcc