Last updated on 2025-10-22 05:51:05 CEST.
Flavor | Version | Tinstall | Tcheck | Ttotal | Status | Flags |
---|---|---|---|---|---|---|
r-devel-linux-x86_64-debian-clang | 0.3.1 | 2.86 | 309.37 | 312.23 | NOTE | |
r-devel-linux-x86_64-debian-gcc | 0.3.1 | 2.02 | 202.50 | 204.52 | NOTE | |
r-devel-linux-x86_64-fedora-clang | 0.3.1 | 513.92 | OK | |||
r-devel-linux-x86_64-fedora-gcc | 0.3.1 | 508.48 | OK | |||
r-devel-windows-x86_64 | 0.3.1 | 4.00 | 321.00 | 325.00 | OK | |
r-patched-linux-x86_64 | 0.3.1 | 2.71 | 296.77 | 299.48 | OK | |
r-release-linux-x86_64 | 0.3.1 | 2.79 | 289.26 | 292.05 | OK | |
r-release-macos-arm64 | 0.3.1 | 2.00 | 118.00 | 120.00 | OK | |
r-release-macos-x86_64 | 0.3.1 | 2.00 | 259.00 | 261.00 | OK | |
r-release-windows-x86_64 | 0.3.1 | 5.00 | 326.00 | 331.00 | OK | |
r-oldrel-macos-arm64 | 0.3.1 | 2.00 | 162.00 | 164.00 | OK | |
r-oldrel-macos-x86_64 | 0.3.1 | 4.00 | 449.00 | 453.00 | OK | |
r-oldrel-windows-x86_64 | 0.3.1 | 7.00 | 408.00 | 415.00 | OK |
Version: 0.3.1
Check: HTML version of manual
Result: NOTE
Found the following HTML validation problems:
summary.SingleSim.object.html:66:1 (summary.SingleSim.object.Rd:21): Warning: missing </ul> before </div>
Flavors: r-devel-linux-x86_64-debian-clang, r-devel-linux-x86_64-debian-gcc