Last updated on 2025-10-24 04:50:50 CEST.
| Flavor | Version | Tinstall | Tcheck | Ttotal | Status | Flags |
|---|---|---|---|---|---|---|
| r-devel-linux-x86_64-debian-clang | 0.1.0 | 5.33 | 59.73 | 65.06 | OK | |
| r-devel-linux-x86_64-debian-gcc | 0.1.0 | 3.29 | 44.31 | 47.60 | OK | |
| r-devel-linux-x86_64-fedora-clang | 0.1.0 | 13.00 | 89.24 | 102.24 | NOTE | |
| r-devel-linux-x86_64-fedora-gcc | 0.1.0 | 11.00 | 99.02 | 110.02 | NOTE | |
| r-devel-windows-x86_64 | 0.1.0 | 8.00 | 72.00 | 80.00 | OK | |
| r-patched-linux-x86_64 | 0.1.0 | 4.74 | 56.66 | 61.40 | OK | |
| r-release-linux-x86_64 | 0.1.0 | 4.81 | 55.57 | 60.38 | OK | |
| r-release-macos-arm64 | 0.1.0 | 3.00 | 37.00 | 40.00 | OK | |
| r-release-macos-x86_64 | 0.1.0 | 4.00 | 54.00 | 58.00 | OK | |
| r-release-windows-x86_64 | 0.1.0 | 7.00 | 71.00 | 78.00 | OK | |
| r-oldrel-macos-arm64 | 0.1.0 | 2.00 | 28.00 | 30.00 | OK | |
| r-oldrel-macos-x86_64 | 0.1.0 | 3.00 | 43.00 | 46.00 | OK | |
| r-oldrel-windows-x86_64 | 0.1.0 | 9.00 | 90.00 | 99.00 | OK |
Version: 0.1.0
Check: dependencies in R code
Result: NOTE
Namespace in Imports field not imported from: ‘knitr’
All declared Imports should be used.
Flavors: r-devel-linux-x86_64-fedora-clang, r-devel-linux-x86_64-fedora-gcc