Last updated on 2025-10-22 05:51:05 CEST.
Flavor | Version | Tinstall | Tcheck | Ttotal | Status | Flags |
---|---|---|---|---|---|---|
r-devel-linux-x86_64-debian-clang | 3.2.0 | 26.31 | 98.81 | 125.12 | NOTE | |
r-devel-linux-x86_64-debian-gcc | 3.2.0 | 19.07 | 67.99 | 87.06 | NOTE | |
r-devel-linux-x86_64-fedora-clang | 3.2.0 | 71.00 | 119.97 | 190.97 | OK | |
r-devel-linux-x86_64-fedora-gcc | 3.2.0 | 66.00 | 122.28 | 188.28 | OK | |
r-devel-windows-x86_64 | 3.2.0 | 40.00 | 111.00 | 151.00 | OK | |
r-patched-linux-x86_64 | 3.2.0 | 29.85 | 91.82 | 121.67 | OK | |
r-release-linux-x86_64 | 3.2.0 | 30.04 | 91.57 | 121.61 | OK | |
r-release-macos-arm64 | 3.2.0 | 22.00 | 53.00 | 75.00 | OK | |
r-release-macos-x86_64 | 3.2.0 | 49.00 | 100.00 | 149.00 | OK | |
r-release-windows-x86_64 | 3.2.0 | 39.00 | 112.00 | 151.00 | OK | |
r-oldrel-macos-arm64 | 3.2.0 | 22.00 | 56.00 | 78.00 | OK | |
r-oldrel-macos-x86_64 | 3.2.0 | 48.00 | 89.00 | 137.00 | OK | |
r-oldrel-windows-x86_64 | 3.2.0 | 56.00 | 151.00 | 207.00 | OK |
Version: 3.2.0
Check: HTML version of manual
Result: NOTE
Found the following HTML validation problems:
convert_slwer_to_tidy.html:78:1 (convert_slwer_to_tidy.Rd:30): Warning: missing </ul> before </div>
convert_srilanka_wer_to_tidy.html:83:1 (convert_srilanka_wer_to_tidy.Rd:33): Warning: missing </ul> before </div>
Flavors: r-devel-linux-x86_64-debian-clang, r-devel-linux-x86_64-debian-gcc