Last updated on 2025-10-22 05:51:05 CEST.
Flavor | Version | Tinstall | Tcheck | Ttotal | Status | Flags |
---|---|---|---|---|---|---|
r-devel-linux-x86_64-debian-clang | 2025.1.20 | 16.08 | 192.91 | 208.99 | OK | |
r-devel-linux-x86_64-debian-gcc | 2025.1.20 | 11.36 | 132.38 | 143.74 | OK | |
r-devel-linux-x86_64-fedora-clang | 2025.1.20 | 96.00 | 253.98 | 349.98 | OK | |
r-devel-linux-x86_64-fedora-gcc | 2025.1.20 | 36.00 | 273.56 | 309.56 | OK | |
r-devel-windows-x86_64 | 2025.1.20 | 17.00 | 206.00 | 223.00 | OK | |
r-patched-linux-x86_64 | 2025.1.20 | 17.66 | 183.45 | 201.11 | OK | |
r-release-linux-x86_64 | 2025.1.20 | 14.76 | 183.66 | 198.42 | OK | |
r-release-macos-arm64 | 2025.1.20 | 7.00 | 80.00 | 87.00 | WARN | |
r-release-macos-x86_64 | 2025.1.20 | 12.00 | 145.00 | 157.00 | WARN | |
r-release-windows-x86_64 | 2025.1.20 | 19.00 | 206.00 | 225.00 | OK | |
r-oldrel-macos-arm64 | 2025.1.20 | 6.00 | 81.00 | 87.00 | WARN | |
r-oldrel-macos-x86_64 | 2025.1.20 | 9.00 | 143.00 | 152.00 | WARN | |
r-oldrel-windows-x86_64 | 2025.1.20 | 21.00 | 257.00 | 278.00 | OK |
Version: 2025.1.20
Check: Rd files
Result: WARN
prepare_Rd: package version mismatch:
glmmTMB was built with TMB package version 1.9.16
Current TMB package version is 1.9.17
Please re-install glmmTMB from source or restore original ‘TMB’ package (see '?reinstalling' for more information)
Flavors: r-release-macos-arm64, r-release-macos-x86_64
Version: 2025.1.20
Check: Rd files
Result: WARN
prepare_Rd: package version mismatch:
glmmTMB was built with TMB package version 1.9.15
Current TMB package version is 1.9.16
Please re-install glmmTMB from source or restore original ‘TMB’ package (see '?reinstalling' for more information)
Flavors: r-oldrel-macos-arm64, r-oldrel-macos-x86_64