CRAN Package Check Results for Package desctable

Last updated on 2025-10-22 05:51:05 CEST.

Flavor Version Tinstall Tcheck Ttotal Status Flags
r-devel-linux-x86_64-debian-clang 0.3.1 5.80 63.41 69.21 NOTE
r-devel-linux-x86_64-debian-gcc 0.3.1 4.61 47.15 51.76 NOTE
r-devel-linux-x86_64-fedora-clang 0.3.1 16.00 91.72 107.72 OK
r-devel-linux-x86_64-fedora-gcc 0.3.1 13.00 100.77 113.77 OK
r-devel-windows-x86_64 0.3.1 7.00 81.00 88.00 OK
r-patched-linux-x86_64 0.3.1 6.30 58.89 65.19 OK
r-release-linux-x86_64 0.3.1 5.61 58.40 64.01 OK
r-release-macos-arm64 0.3.1 4.00 95.00 99.00 OK
r-release-macos-x86_64 0.3.1 5.00 65.00 70.00 OK
r-release-windows-x86_64 0.3.1 9.00 82.00 91.00 OK
r-oldrel-macos-arm64 0.3.1 3.00 45.00 48.00 OK
r-oldrel-macos-x86_64 0.3.1 5.00 84.00 89.00 OK
r-oldrel-windows-x86_64 0.3.1 10.00 96.00 106.00 OK

Check Details

Version: 0.3.1
Check: HTML version of manual
Result: NOTE Found the following HTML validation problems: no.test.html:46:1 (no.test.Rd:10): Warning: missing </ul> before </div> Flavors: r-devel-linux-x86_64-debian-clang, r-devel-linux-x86_64-debian-gcc