Last updated on 2025-10-24 04:50:50 CEST.
| Flavor | Version | Tinstall | Tcheck | Ttotal | Status | Flags |
|---|---|---|---|---|---|---|
| r-devel-linux-x86_64-debian-clang | 0.3.0 | 4.02 | 29.55 | 33.57 | NOTE | |
| r-devel-linux-x86_64-debian-gcc | 0.3.0 | 2.48 | 22.60 | 25.08 | OK | |
| r-devel-linux-x86_64-fedora-clang | 0.3.0 | 14.00 | 38.00 | 52.00 | OK | |
| r-devel-linux-x86_64-fedora-gcc | 0.3.0 | 46.07 | OK | |||
| r-devel-windows-x86_64 | 0.3.0 | 5.00 | 48.00 | 53.00 | OK | |
| r-patched-linux-x86_64 | 0.3.0 | 4.27 | 27.14 | 31.41 | OK | |
| r-release-linux-x86_64 | 0.3.0 | 3.32 | 27.37 | 30.69 | OK | |
| r-release-macos-arm64 | 0.3.0 | 2.00 | 22.00 | 24.00 | OK | |
| r-release-macos-x86_64 | 0.3.0 | 3.00 | 29.00 | 32.00 | OK | |
| r-release-windows-x86_64 | 0.3.0 | 5.00 | 50.00 | 55.00 | OK | |
| r-oldrel-macos-arm64 | 0.3.0 | 2.00 | 18.00 | 20.00 | OK | |
| r-oldrel-macos-x86_64 | 0.3.0 | 3.00 | 31.00 | 34.00 | OK | |
| r-oldrel-windows-x86_64 | 0.3.0 | 6.00 | 62.00 | 68.00 | OK |
Version: 0.3.0
Check: HTML version of manual
Result: NOTE
Found the following HTML validation problems:
preprocess.html:81:1 (preprocess.Rd:33): Warning: missing </ul> before </div>
Flavor: r-devel-linux-x86_64-debian-clang