Last updated on 2025-10-24 04:50:50 CEST.
| Flavor | Version | Tinstall | Tcheck | Ttotal | Status | Flags |
|---|---|---|---|---|---|---|
| r-devel-linux-x86_64-debian-clang | 1.2.0 | 32.90 | 43.45 | 76.35 | NOTE | |
| r-devel-linux-x86_64-debian-gcc | 1.2.0 | 24.64 | 32.63 | 57.27 | NOTE | |
| r-devel-linux-x86_64-fedora-clang | 1.2.0 | 98.00 | 38.45 | 136.45 | OK | |
| r-devel-linux-x86_64-fedora-gcc | 1.2.0 | 70.00 | 61.52 | 131.52 | OK | |
| r-devel-windows-x86_64 | 1.2.0 | 41.00 | 81.00 | 122.00 | OK | |
| r-patched-linux-x86_64 | 1.2.0 | 37.22 | 40.60 | 77.82 | OK | |
| r-release-linux-x86_64 | 1.2.0 | 35.84 | 40.45 | 76.29 | OK | |
| r-release-macos-arm64 | 1.2.0 | 14.00 | 24.00 | 38.00 | OK | |
| r-release-macos-x86_64 | 1.2.0 | 13.00 | 45.00 | 58.00 | OK | |
| r-release-windows-x86_64 | 1.2.0 | 39.00 | 84.00 | 123.00 | OK | |
| r-oldrel-macos-arm64 | 1.2.0 | 15.00 | 23.00 | 38.00 | OK | |
| r-oldrel-macos-x86_64 | 1.2.0 | 13.00 | 45.00 | 58.00 | OK | |
| r-oldrel-windows-x86_64 | 1.2.0 | 40.00 | 96.00 | 136.00 | OK |
Version: 1.2.0
Check: CRAN incoming feasibility
Result: NOTE
Maintainer: ‘Giovanna Capizzi <giovanna.capizzi@unipd.it>’
No Authors@R field in DESCRIPTION.
Please add one, modifying
Authors@R: c(person(given = "Giovanna",
family = "Capizzi",
role = c("aut", "cre"),
email = "giovanna.capizzi@unipd.it"),
person(given = "Guido",
family = "Masarotto",
role = "aut"))
as necessary.
Flavors: r-devel-linux-x86_64-debian-clang, r-devel-linux-x86_64-debian-gcc