Last updated on 2025-10-24 04:50:50 CEST.
| Flavor | Version | Tinstall | Tcheck | Ttotal | Status | Flags |
|---|---|---|---|---|---|---|
| r-devel-linux-x86_64-debian-clang | 3.1.0 | 380.99 | 115.99 | 496.98 | NOTE | |
| r-devel-linux-x86_64-debian-gcc | 3.1.0 | 279.70 | 81.98 | 361.68 | NOTE | |
| r-devel-linux-x86_64-fedora-clang | 3.1.0 | 1020.00 | -23.73 | 996.27 | NOTE | |
| r-devel-linux-x86_64-fedora-gcc | 3.1.0 | 660.00 | 310.78 | 970.78 | NOTE | |
| r-devel-windows-x86_64 | 3.1.0 | 488.00 | 161.00 | 649.00 | NOTE | |
| r-patched-linux-x86_64 | 3.1.0 | 410.39 | 99.59 | 509.98 | NOTE | |
| r-release-linux-x86_64 | 3.1.0 | 414.76 | 99.45 | 514.21 | NOTE | |
| r-release-macos-arm64 | 3.1.0 | 177.00 | 68.00 | 245.00 | NOTE | |
| r-release-macos-x86_64 | 3.1.0 | 104.00 | 117.00 | 221.00 | NOTE | |
| r-release-windows-x86_64 | 3.1.0 | 528.00 | 149.00 | 677.00 | NOTE | |
| r-oldrel-macos-arm64 | 3.1.0 | 123.00 | 50.00 | 173.00 | NOTE | |
| r-oldrel-macos-x86_64 | 3.1.0 | 130.00 | 148.00 | 278.00 | NOTE | |
| r-oldrel-windows-x86_64 | 3.1.0 | 574.00 | 195.00 | 769.00 | OK |
Version: 3.1.0
Check: CRAN incoming feasibility
Result: NOTE
Maintainer: ‘Sebastian Krantz <sebastian.krantz@graduateinstitute.ch>’
The BugReports field in DESCRIPTION has
https://github.com/r-barnes/dggridR/
which should likely be
https://github.com/r-barnes/dggridR/issues
instead.
Flavors: r-devel-linux-x86_64-debian-clang, r-devel-linux-x86_64-debian-gcc
Version: 3.1.0
Check: DESCRIPTION meta-information
Result: NOTE
Missing dependency on R >= 4.1.0 because package code uses the pipe
|> or function shorthand \(...) syntax added in R 4.1.0.
File(s) using such syntax:
‘dggridR.R’
Flavors: r-devel-linux-x86_64-debian-clang, r-devel-linux-x86_64-debian-gcc, r-devel-linux-x86_64-fedora-clang, r-devel-linux-x86_64-fedora-gcc, r-devel-windows-x86_64, r-patched-linux-x86_64, r-release-linux-x86_64, r-release-macos-arm64, r-release-macos-x86_64, r-release-windows-x86_64
Version: 3.1.0
Check: installed package size
Result: NOTE
installed size is 16.9Mb
sub-directories of 1Mb or more:
doc 1.5Mb
libs 15.0Mb
Flavors: r-oldrel-macos-arm64, r-oldrel-macos-x86_64