Last updated on 2025-10-25 04:48:39 CEST.
| Flavor | Version | Tinstall | Tcheck | Ttotal | Status | Flags |
|---|---|---|---|---|---|---|
| r-devel-linux-x86_64-debian-clang | 0.1 | 1.89 | 29.34 | 31.23 | NOTE | |
| r-devel-linux-x86_64-debian-gcc | 0.1 | 1.53 | 23.53 | 25.06 | NOTE | |
| r-devel-linux-x86_64-fedora-clang | 0.1 | 47.84 | OK | |||
| r-devel-linux-x86_64-fedora-gcc | 0.1 | 46.06 | OK | |||
| r-devel-windows-x86_64 | 0.1 | 4.00 | 56.00 | 60.00 | OK | |
| r-patched-linux-x86_64 | 0.1 | 2.23 | 27.89 | 30.12 | OK | |
| r-release-linux-x86_64 | 0.1 | 1.62 | 27.59 | 29.21 | OK | |
| r-release-macos-arm64 | 0.1 | 2.00 | 19.00 | 21.00 | OK | |
| r-release-macos-x86_64 | 0.1 | 2.00 | 32.00 | 34.00 | OK | |
| r-release-windows-x86_64 | 0.1 | 4.00 | 54.00 | 58.00 | OK | |
| r-oldrel-macos-arm64 | 0.1 | 1.00 | 19.00 | 20.00 | OK | |
| r-oldrel-macos-x86_64 | 0.1 | 2.00 | 26.00 | 28.00 | OK | |
| r-oldrel-windows-x86_64 | 0.1 | 4.00 | 59.00 | 63.00 | OK |
Version: 0.1
Check: CRAN incoming feasibility
Result: NOTE
Maintainer: ‘Samarendra Das <samarendra4849@gmail.com>’
No Authors@R field in DESCRIPTION.
Please add one, modifying
Authors@R: c(person(given = "Samarendra",
family = "Das",
role = c("aut", "cre"),
email = "samarendra4849@gmail.com"),
person(given = c("Baidya", "Nath"),
family = "Mandal",
role = "aut",
email = "mandal.stat@gmail.com"))
as necessary.
Flavors: r-devel-linux-x86_64-debian-clang, r-devel-linux-x86_64-debian-gcc