Last updated on 2025-10-22 05:51:05 CEST.
Flavor | Version | Tinstall | Tcheck | Ttotal | Status | Flags |
---|---|---|---|---|---|---|
r-devel-linux-x86_64-debian-clang | 2.1.2 | 16.69 | 222.01 | 238.70 | NOTE | |
r-devel-linux-x86_64-debian-gcc | 2.1.2 | 11.75 | 151.87 | 163.62 | NOTE | |
r-devel-linux-x86_64-fedora-clang | 2.1.2 | 50.00 | 297.82 | 347.82 | OK | |
r-devel-linux-x86_64-fedora-gcc | 2.1.2 | 36.00 | 301.48 | 337.48 | OK | |
r-devel-windows-x86_64 | 2.1.2 | 19.00 | 178.00 | 197.00 | OK | |
r-patched-linux-x86_64 | 2.1.2 | 16.56 | 198.62 | 215.18 | OK | |
r-release-linux-x86_64 | 2.1.2 | 18.17 | 202.28 | 220.45 | OK | |
r-release-macos-arm64 | 2.1.2 | 7.00 | 83.00 | 90.00 | OK | |
r-release-macos-x86_64 | 2.1.2 | 14.00 | 145.00 | 159.00 | OK | |
r-release-windows-x86_64 | 2.1.2 | 20.00 | 179.00 | 199.00 | OK | |
r-oldrel-macos-arm64 | 2.1.2 | 4.00 | 60.00 | 64.00 | OK | |
r-oldrel-macos-x86_64 | 2.1.2 | 6.00 | 83.00 | 89.00 | OK | |
r-oldrel-windows-x86_64 | 2.1.2 | 27.00 | 230.00 | 257.00 | OK |
Version: 2.1.2
Check: HTML version of manual
Result: NOTE
Found the following HTML validation problems:
DIDparams.html:263:1 (DIDparams.Rd:175): Warning: missing </ul> before </div>
MP.TEST.html:94:1 (MP.TEST.Rd:39): Warning: missing </ul> before </div>
ggdid.AGGTEobj.html:99:1 (ggdid.AGGTEobj.Rd:44): Warning: missing </ul> before </div>
ggdid.MP.html:116:1 (ggdid.MP.Rd:55): Warning: missing </ul> before </div>
ggdid.html:50:1 (ggdid.Rd:12): Warning: missing </ul> before </div>
glance.AGGTEobj.html:51:1 (glance.AGGTEobj.Rd:12): Warning: missing </ul> before </div>
glance.MP.html:51:1 (glance.MP.Rd:12): Warning: missing </ul> before </div>
print.AGGTEobj.html:51:1 (print.AGGTEobj.Rd:12): Warning: missing </ul> before </div>
print.MP.html:51:1 (print.MP.Rd:12): Warning: missing </ul> before </div>
summary.AGGTEobj.html:51:1 (summary.AGGTEobj.Rd:12): Warning: missing </ul> before </div>
summary.MP.html:51:1 (summary.MP.Rd:12): Warning: missing </ul> before </div>
summary.MP.TEST.html:51:1 (summary.MP.TEST.Rd:12): Warning: missing </ul> before </div>
tidy.AGGTEobj.html:51:1 (tidy.AGGTEobj.Rd:12): Warning: missing </ul> before </div>
tidy.MP.html:51:1 (tidy.MP.Rd:12): Warning: missing </ul> before </div>
Flavors: r-devel-linux-x86_64-debian-clang, r-devel-linux-x86_64-debian-gcc