CRAN Package Check Results for Package digest

Last updated on 2025-07-21 08:50:01 CEST.

Flavor Version Tinstall Tcheck Ttotal Status Flags
r-devel-linux-x86_64-debian-clang 0.6.37 11.71 29.65 41.36 NOTE
r-devel-linux-x86_64-debian-gcc 0.6.37 9.52 23.76 33.28 NOTE
r-devel-linux-x86_64-fedora-clang 0.6.37 62.51 OK
r-devel-linux-x86_64-fedora-gcc 0.6.37 78.08 OK
r-devel-windows-x86_64 0.6.37 28.00 52.00 80.00 OK
r-patched-linux-x86_64 0.6.37 12.72 26.61 39.33 NOTE
r-release-linux-x86_64 0.6.37 11.10 26.18 37.28 NOTE
r-release-macos-arm64 0.6.37 31.00 OK
r-release-macos-x86_64 0.6.37 51.00 OK
r-release-windows-x86_64 0.6.37 27.00 54.00 81.00 OK
r-oldrel-macos-arm64 0.6.37 56.00 OK
r-oldrel-macos-x86_64 0.6.37 118.00 OK
r-oldrel-windows-x86_64 0.6.37 27.00 58.00 85.00 OK

Check Details

Version: 0.6.37
Check: for unstated dependencies in ‘demo’
Result: NOTE '::' or ':::' import not declared from: ‘rbenchmark’ Flavors: r-devel-linux-x86_64-debian-clang, r-devel-linux-x86_64-debian-gcc, r-patched-linux-x86_64, r-release-linux-x86_64