Last updated on 2025-10-22 05:51:06 CEST.
Flavor | Version | Tinstall | Tcheck | Ttotal | Status | Flags |
---|---|---|---|---|---|---|
r-devel-linux-x86_64-debian-clang | 0.2.2 | 9.04 | 115.25 | 124.29 | NOTE | |
r-devel-linux-x86_64-debian-gcc | 0.2.2 | 6.48 | 78.54 | 85.02 | NOTE | |
r-devel-linux-x86_64-fedora-clang | 0.2.2 | 20.00 | 168.42 | 188.42 | OK | |
r-devel-linux-x86_64-fedora-gcc | 0.2.2 | 17.00 | 157.34 | 174.34 | OK | |
r-devel-windows-x86_64 | 0.2.2 | 16.00 | 129.00 | 145.00 | OK | |
r-patched-linux-x86_64 | 0.2.2 | 12.16 | 106.63 | 118.79 | OK | |
r-release-linux-x86_64 | 0.2.2 | 8.22 | 107.79 | 116.01 | OK | |
r-release-macos-arm64 | 0.2.2 | 5.00 | 40.00 | 45.00 | OK | |
r-release-macos-x86_64 | 0.2.2 | 8.00 | 79.00 | 87.00 | OK | |
r-release-windows-x86_64 | 0.2.2 | 22.00 | 130.00 | 152.00 | OK | |
r-oldrel-macos-arm64 | 0.2.2 | 4.00 | 47.00 | 51.00 | NOTE | |
r-oldrel-macos-x86_64 | 0.2.2 | 9.00 | 84.00 | 93.00 | NOTE | |
r-oldrel-windows-x86_64 | 0.2.2 | 20.00 | 165.00 | 185.00 | NOTE |
Version: 0.2.2
Check: HTML version of manual
Result: NOTE
Found the following HTML validation problems:
discovr.html:469:1 (discovr.Rd:199): Warning: <h4> anchor "Colour-palettes" already defined
Flavors: r-devel-linux-x86_64-debian-clang, r-devel-linux-x86_64-debian-gcc
Version: 0.2.2
Check: installed package size
Result: NOTE
installed size is 5.1Mb
sub-directories of 1Mb or more:
tutorials 4.2Mb
Flavors: r-oldrel-macos-arm64, r-oldrel-macos-x86_64, r-oldrel-windows-x86_64