Last updated on 2025-10-22 05:51:06 CEST.
Flavor | Version | Tinstall | Tcheck | Ttotal | Status | Flags |
---|---|---|---|---|---|---|
r-devel-linux-x86_64-debian-clang | 0.1.1 | 8.36 | 143.60 | 151.96 | NOTE | |
r-devel-linux-x86_64-debian-gcc | 0.1.1 | 6.36 | 90.90 | 97.26 | NOTE | |
r-devel-linux-x86_64-fedora-clang | 0.1.1 | 22.00 | 225.06 | 247.06 | OK | |
r-devel-linux-x86_64-fedora-gcc | 0.1.1 | 18.00 | 210.72 | 228.72 | OK | |
r-devel-windows-x86_64 | 0.1.1 | 9.00 | 136.00 | 145.00 | OK | |
r-patched-linux-x86_64 | 0.1.1 | 6.86 | 134.12 | 140.98 | OK | |
r-release-linux-x86_64 | 0.1.1 | 7.43 | 134.08 | 141.51 | OK | |
r-release-macos-arm64 | 0.1.1 | 4.00 | 63.00 | 67.00 | OK | |
r-release-macos-x86_64 | 0.1.1 | 8.00 | 148.00 | 156.00 | OK | |
r-release-windows-x86_64 | 0.1.1 | 10.00 | 138.00 | 148.00 | OK | |
r-oldrel-macos-arm64 | 0.1.1 | 4.00 | 58.00 | 62.00 | OK | |
r-oldrel-macos-x86_64 | 0.1.1 | 6.00 | 102.00 | 108.00 | OK | |
r-oldrel-windows-x86_64 | 0.1.1 | 13.00 | 188.00 | 201.00 | OK |
Version: 0.1.1
Check: HTML version of manual
Result: NOTE
Found the following HTML validation problems:
dict_sample.html:55:1 (dict_sample.Rd:15): Warning: missing </ul> before </div>
Flavors: r-devel-linux-x86_64-debian-clang, r-devel-linux-x86_64-debian-gcc